{"text_format":"1","workbook":"xlsx","n_sheets":16,"sheets":["Disclaimer","Instructions","Normal Config","Fan Fail Config","Summary","Intel Chassis","Serverboard Config","Serverboard","Chassis","Processors","Memory","DCPMM","PCI","HardDrive","Peripherals","Revision"],"not_rendered":{"charts":0,"images":5,"macros":1,"external_links":0,"defined_names":159,"comments":2,"pivot_tables":0},"unopened":[],"bounds":{"document_bytes":16777216,"sheet_cells":100000,"rows_first":2000,"rows_last":500,"rows_between":2000,"halvings":0,"cell_chars":16384,"cell_head_chars":4096},"cells_cut":0,"cells_raw":0,"read":"whole","date_system":"1900"}

{"sheet":"Disclaimer","index":0,"n_rows":0,"n_cols":0,"rows_kept":0,"cut":false,"hidden":false,"merged":[]}

{"sheet":"Instructions","index":1,"n_rows":1,"n_cols":1,"rows_kept":1,"cut":false,"hidden":false,"merged":[]}
["          Power Budget Instructions"]

{"sheet":"Normal Config","index":2,"n_rows":244,"n_cols":36,"rows_kept":244,"cut":false,"hidden":false,"merged":[[39,1,46,1],[132,0,134,0],[135,1,139,1],[135,0,194,0],[143,1,149,1],[150,1,152,1],[153,1,164,1],[165,1,167,1],[168,1,170,1],[182,1,185,1],[186,1,194,1],[140,1,141,1],[172,1,179,1],[89,0,93,0],[94,0,95,0],[94,1,95,1],[240,0,241,0],[242,0,243,0],[220,0,221,0],[222,0,223,0],[224,0,228,0],[230,0,234,0],[235,0,239,0],[195,0,200,0],[201,0,206,0],[207,0,208,0],[209,0,216,0],[217,0,219,0],[129,19,129,22],[129,23,129,26],[129,27,129,30],[130,0,131,0],[129,0,129,2],[129,3,129,6],[129,7,129,10],[129,11,129,14],[129,15,129,18],[96,0,97,0],[98,0,105,0],[64,0,69,0],[70,0,71,0],[72,0,79,0],[80,0,82,0],[83,0,87,0],[10,1,16,1],[0,0,0,1],[2,11,2,14],[6,0,8,0],[9,0,61,0],[17,1,19,1],[20,1,31,1],[32,1,34,1],[35,1,37,1],[49,1,52,1],[53,1,61,1],[2,0,2,2],[2,3,2,6],[2,7,2,10],[3,0,4,0],[6,1,8,1]]}
["Normal Mode Thermal Config Matrix",null,null,null,null,null,null,null,null,null,null,null,null,{"$f":"Summary!D15","v":{"$error":"#DIV/0!"}},"<-- Margin to PS rating"]
[]
["Thermal Config Matrix                                                                                           Normal operating mode                                                                                                                                                                                                                       \"●\"= Full Support without limitation;                                                                                                                                             \"4,5\"(Cell with number)=Conditional support with limitation (See notes below table);\n\" \"(Blank)=Not support; ",null,null," R1304 HDD WF",null,null,null,"R1208 HDD WF",null,null,null,"R1208 NVME WF"]
["ASHRAE (See note 1)",null,"Classifications","27C","A2","A3","A4","27C","A2","A3","A4","27C","A2","A3","A4"]
[null,null,"Max Ambient","27°C(1)","35°C","40°C","45°C","27°C(1)","35°C","40°C","45°C","27°C(1)","35°C","40°C","45°C"]
[null,null,"Altitude",900,900,900,900,900,900,900,900,900,900,900,900]
["PS (See note 6)",null,"1300 W AC","●",17,19,20,"●",18,19,20,"●","●","●","●"]
[null,null,"1100W AC","●","●","●","●","●","●","●","●","●","●","●","●"]
[null,null,"750W AC","17, 24","19, 24","20, 25",21,"17, 24","19, 24",20,21]
["CPU TDP","173 W","Intel Xeon Platinum 8176F _28C","●",null,null,null,"●",null,null,null,3]
[null,"165 W","Intel® Xeon® Platinum 8276 CPU_28C","●",3,null,null,"●",3,null,null,"●"]
[null,null,"Intel® Xeon® Platinum 8260 CPU_24C","●",3,null,null,"●",3,null,null,3]
[null,null,"Intel Xeon Platinum 8176 _28C","●",3,null,null,3,3,null,null,3]
[null,null,"Intel Xeon Platinum 8170_26C","●",3,null,null,3,3,null,null,3]
[null,null,"Intel Xeon Gold 6150_18C","●","●",null,null,"●",3,null,null,3]
[null,null,"Intel Xeon Gold 6146_12C",3,3,null,null,3,3,null,null,3]
[null,null,"Intel Xeon Platinum 8170F_26C","●","●",null,null,"●","●",null,null,"●"]
[null,"160 W","Intel Xeon Platinum 8160F_24C","●","●",null,null,"●","●",null,null,"●"]
[null,null,"Intel Xeon Gold 6148F_20C","●","●",null,null,"●","●",null,null,"●"]
[null,null,"Intel Xeon Gold 6142F_16C","●","●",null,null,"●","●",null,null,"●"]
[null,"150 W","Intel® Xeon® Gold 6252 CPU_24C","●",3,null,null,3,"●",null,null,"●"]
[null,null,"Intel® Xeon® Gold 6248 CPU_20C","●",3,null,null,3,"●",null,null,"●"]
[null,null,"Intel® Xeon® Gold 6240 CPU_18C","●",3,null,null,3,"●",null,null,"●"]
[null,null,"Intel® Xeon® Gold 6242 CPU_16C","●",3,null,null,3,3,null,null,"●"]
[null,null,"Intel® Xeon® Gold 6244 CPU_8C",null,null,null,null,null,3]
[null,null,"Intel Xeon Platinum 8164_26C","●",3,3,null,"●",3,null,null,"●"]
[null,null,"Intel Xeon Platinum 8160_24C","●",3,3,null,"●",3,null,null,"●"]
[null,null,"Intel Xeon Gold 6148_20C","●",3,3,null,"●",3,null,null,"●"]
[null,null,"Intel Xeon Gold 6136_12C","●","●","●",null,"●","●",null,null,"●"]
[null,null,"Intel Xeon  Gold 6144_8C",3,3,3,null,3,3,null,null,3]
[null,null,"Intel Xeon Platinum 8158_12C","●","●","●",null,"●","●",null,null,"●"]
[null,null,"Intel Xeon Gold 6142_16C","●",3,3,null,"●",3,null,null,"●"]
[null,"140 W","Intel Xeon Gold 6132_14C","●","●","●",null,"●","●","●",null,"●","●"]
[null,null,"Intel Xeon Gold 6152_22C","●","●","●",null,"●",3,"●",null,"●","●"]
[null,null,"Intel Xeon Gold 6140_18C","●","●","●",null,"●","●","●",null,"●","●"]
[null,"135 W","Intel Xeon Gold 6138F_20C","●","●","●",null,"●","●","●",null,"●","●"]
[null,null,"Intel Xeon Gold 6130F_16C","●","●","●",null,"●","●","●",null,"●","●"]
[null,null,"Intel Xeon Gold 6126F_12C","●","●","●",null,"●","●","●",null,"●","●"]
[null,"130 W","Intel Xeon Gold 6134_8C","●","●","●",null,"●","●","●",null,"●","●"]
[null,"125 W","Intel® Xeon® Gold 6230 CPU_20C","●","●","●",null,"●","●","●",3,"●","●"]
[null,null,"Intel® Xeon® Gold 5220 CPU _18C","●","●","●",null,"●","●","●",3,"●","●"]
[null,null,"Intel® Xeon® Gold 5218 CPU_16C","●","●","●",null,"●","●","●",3,"●","●"]
[null,null,"Intel® Xeon® Platinum 8253 CPU_16C","●","●","●",null,"●","●","●",3,"●","●"]
[null,null,"Intel Xeon Gold 6138_20C","●","●","●",3,"●","●","●","●","●","●",3]
[null,null,"Intel Xeon Gold 6130_16C","●","●","●",3,"●","●","●","●","●","●",3]
[null,null,"Intel Xeon Platinum 8153_16C","●","●","●",3,"●","●","●","●","●","●",3]
[null,null,"Intel Xeon Gold 6126_12C","●","●","●","●","●","●","●","●","●","●","●"]
[null,"115 W","Intel Xeon Gold 6128_6C","●","●","●","●","●","●","●","●","●","●","●"]
[null,"113 W","Intel Xeon Gold 5117F_14C","●","●","●","●","●","●","●",null,"●","●","●"]
[null,"105 W","Intel Xeon Gold 5122_4C","●","●","●","●","●","●","●","●","●","●","●","●"]
[null,null,"Intel Xeon Platinum 8156_4C","●","●","●","●","●","●","●","●","●","●","●","●"]
[null,null,"Intel Xeon Gold 5120_14C","●","●","●","●","●","●","●","●","●","●","●",3]
[null,null,"Intel Xeon Gold 5118_12C","●","●","●","●","●","●","●","●","●","●","●",3]
[null,"85 W","Intel® Xeon® Gold 5215 CPU_10C","●","●","●",3,"●","●","●",3,"●","●","●"]
[null,null,"Intel Xeon Gold 5115_10C","●","●","●","●","●","●","●","●","●","●","●","●"]
[null,null,"Intel Xeon Silver 4116_12C","●","●","●","●","●","●","●","●","●","●","●","●"]
[null,null,"Intel Xeon Silver 4114_10C","●","●","●","●","●","●","●","●","●","●","●","●"]
[null,null,"Intel Xeon Silver 4110_8C","●","●","●","●","●","●","●","●","●","●","●","●"]
[null,null,"Intel Xeon Silver 4108 _8C","●","●","●","●","●","●","●","●","●","●","●","●"]
[null,null,"Intel Xeon Bronze 3106 _8C","●","●","●","●","●","●","●","●","●","●","●","●"]
[null,null,"Intel Xeon Bronze 3104_6C","●","●","●","●","●","●","●","●","●","●","●","●"]
[null,null,"Intel Xeon Silver 4112_4C","●","●","●","●","●","●","●","●","●","●","●","●"]
[]
[]
["Memory Type ( See note 16)",null,"AEP SDP 128 GB","●","●",3,3,"●","●","●","●","●","●","●","●"]
[null,null,"AEP DDQ 256 GB","●","●",3,3,"●","●","●","●","●","●","●",3]
[null,null,"AEP QDP 512 GB","●",27,3,3,"●","●","●",3,"●","●","●",3]
[null,null,"RDIMM-2Rx8,1Rx4, 1Rx8","●","●","●","●","●","●","●","●","●","●","●","●"]
[null,null,"RDIMM-DRx4","●","●","●","●","●","●","●","●","●","●","●","●"]
[null,null,"LRDIMM-QRx4 DDP","●","●",3,3,"●","●",3,3,"●","●",3,3]
["Add-in Cards     (See note 5)",null,"Riser #1 - Bottom Slot (1U riser and 2U riser)","●","●","●","●","●","●","●","●","●","●","●","●"]
[null,null,"Riser #2 - Bottom Slot (1U riser and 2U riser)","●","●","●","●","●","●","●","●","●","●","●","●"]
["SAS and OCP Modules (See Note 4)",null,"Intel® Integrated RAID Modules (Mezzanine cards)","●","●","●","●","●","●","●","●","●","●","●","●"]
[null,null,"16 port tri mode mezzanine","●","●",26,26,"●","●",26,26,"●","●",26,26]
[null,null,"IFT carrier AIC","●","●","●","●","●","●","●","●","●","●","●","●"]
[null,null,"IFT carrier Mezzanine","●","●","●","●","●","●","●","●","●","●","●","●"]
[null,null,"Dual 10GBase-T Taylor Canal","●","●","●","●","●","●","●","●","●","●","●","●"]
[null,null,"Dual SFP+ Cascade Canal","●","●","●","●","●","●","●","●","●","●","●","●"]
[null,null,"Quad SFP+ Cascade Canal","●","●","●","●","●","●","●","●","●","●","●","●"]
[null,null,"1GBase-T Quad Main Canal","●","●","●","●","●","●","●","●","●","●","●","●"]
["Battery Backup (See note 9)",null,"BBU (rated to 45C)","●","●","●","","●","●","●","","●","●","●",""]
[null,null,"Supercap (rated to 55C)","●","●","●",null,"●","●","●",null,"●","●","●"]
[null,null,"Cache Offload Module (rated to 55C)","●","●","●","●","●","●","●","●","●","●","●","●"]
["2.5\" SFF NVMe SSD\n(DC P3700/P3500)  ( See note 22)\n",null,"1600GB/2TB",null,null,null,null,null,null,null,null,"●","●","●","●"]
[null,null,"800GB",null,null,null,null,null,null,null,null,"●","●","●","●"]
[null,null,"600GB ",null,null,null,null,null,null,null,null,"●","●","●","●"]
[null,null,"400GB",null,null,null,null,null,null,null,null,"●","●","●","●"]
[null,null,"200GB",null,null,null,null,null,null,null,null,"●","●","●","●"]
["SATA HDD",null,"Up to 2 TB","●","●","●","●","●","●","●","●","●","●","●","●"]
["PCIe SSD AIC FF\n(DC P3700/P3500)\n(See note 8)",null,"1600GB/2TB","●","●","●","●","●","●","●","●","●","●","●","●"]
[null,null,"800GB","●","●","●","●","●","●","●","●","●","●","●","●"]
[null,null,"600GB","●","●","●","●","●","●","●","●","●","●","●","●"]
[null,null,"400GB","●","●","●","●","●","●","●","●","●","●","●","●"]
[null,null,"200GB","●","●","●","●","●","●","●","●","●","●","●","●"]
["M.2 Sustainted Max Power (TDP)",null,"Intel 120G and 80G SATA","●","●",13,13,"●","●",13,13,"●","●",13,13]
[null,null,"non-Intel M.2","●","●",15,15,"●","●",15,15,"●","●",15,15]
["M.2 Light Workload [ See note 14]",null,"Intel 120G and 80G SATA","●","●","●",13,"●","●","●",13,"●","●","●",13]
[null,null,"non-Intel M.2","●","●","●",15,"●","●","●",15,"●","●","●",15]
["Lewisburg",null,null,"●","●","●","●","●","●","●","●","●","●","●","●"]
[null,null,null,"●","●","●","●","●","●","●","●","●","●","●","●"]
[null,null,null,"●","●","●",11,"●","●","●",11,"●","●",11,11]
[null,null,null,"●","●","●",11,"●","●","●",11,"●","●","●",11]
[null,null,"LBG L (20W)","●","●",11,11,"●","●",11,11,"●","●",11,11]
[null,null,"LBG E (21W)","●",11,11,11,"●",11,11,11,"●",11,11,11]
[null,null,"LBG M (25W)",11,11,11,11,11,11,11,11,11,11,11,11]
[null,null,"LBG M (29W)",null,null,null,null,null,null,null,null,"●","●","●","●"]
["Copperville",null,null,"●","●","●","●","●","●","●","●","●","●","●","●"]
[null,null,"9W"]
[]
[]
[]
[]
[]
[]
[]
[]
[]
[]
[]
[]
[]
[]
[]
[]
[]
[]
[]
[]
[]
["Thermal Config Matrix                                                                                           Normal operating mode                                                                                                                                                                                                                       \"●\"= Full Support without limitation;                                                                                                                                             \"4,5\"(Cell with number)=Conditional support with limitation (See notes below table);\n\" \"(Blank)=Not support; ",null,null,"Base System SKUs:                                                       R2312 WF                                                              STANDARD AIRDUCT",null,null,null,"Base System SKUs:                        \nR2224 WF                                                                                                    SATA / NVME 200 GB - 600 GB                                                                           STANDARD AIRDUCT",null,null,null,"Base System SKUs:               \nR2224 WF                                                                                                 NVME 800 GB - 2.0 TB                                                                                STANDARD AIRDUCT",null,null,null,"Base System SKUs                                                      \nR2308 WF                                                                                                  R2216 WF                                                                                                           STANDARD AIRDUCT",null,null,null,"Base System SKUs:                                                                                                                               R2208 WF                                                                                                                                      STANDARD AIRDUCT",null,null,null,"Xeon PHI  Computing Optimized:                                                                                          R2308 WF                                                                                           R2216 WF                                                                                                                AWFCOPRODUCT         AIRDUCT",null,null,null," Xeon PHI  Computing Optimized:                                                                                     R2208WF                                                                                                                                          AWFCOPRODUCT     AIRDUCT",null,null,null,null,null,null,null," "]
["ASHRAE (See note 1)",null,"Classifications","27C","A2","A3","A4","27C","A2","A3","A4","27C","A2","A3","A4","27C","A2","A3","A4","27C","A2","A3","A4","27C","A2","A3","A4","27C","A2","A3","A4"]
[null,null,"Max Ambient","27°C(1)","35°C","40°C","45°C","27°C(1)","35°C","40°C","45°C","27°C(1)","35°C","40°C","45°C","27°C(1)","35°C","40°C","45°C","27°C(1)","35°C","40°C","45°C","27°C(1)","35°C","40°C","45°C","27°C(1)","35°C","40°C","45°C"]
["PS (See note 2,6)",null,"1600 W AC","●","●",null,null,"●","●",null,null,"●","●",null,null,"●","●","●","●","●","●","●","●","●","●","●","●","●","●","●","●"]
[null,null,"1300W AC","●","●",null,null,"●","●",null,null,"●","●",null,null,"●","●","●","●","●","●","●","●","●","●","●","●","●","●","●","●"]
[null,null,"1100W AC","●","●",null,null,"●","●",null,null,"●","●",null,null,"●","●","●","●","●","●","●","●","●","●","●","●","●","●","●","●"]
["CPU TDP","205 W","Intel® Xeon® Platinum 8280 CPU_28 ",null,null,null,null,null,null,null,null,null,null,null,null,"●",null,null,null,"●","●","●",3,null,null,null,null,"●"]
[null,null,"Intel® Xeon® Platinum 8270 CPU_26C",null,null,null,null,null,null,null,null,null,null,null,null,"●",null,null,null,"●","●","●",3,null,null,null,null,"●"]
[null,null,"Intel® Xeon® Platinum 8268 CPU_24C",null,null,null,null,null,null,null,null,null,null,null,null,"●",null,null,null,"●","●","●",3,null,null,null,null,"●"]
[null,null,"Intel Xeon Platinum 8180_28C",null,null,null,null,null,null,null,null,null,null,null,null,"●",null,null,null,"●","●","●"]
[null,null,"Intel Xeon Platinum 8168_24C",null,null,null,null,null,null,null,null,null,null,null,null,"●",null,null,null,"●","●","●",null,null,null,null,null,"●"]
[null,"200 W","Intel® Xeon® Gold 6254 CPU_18C ",null,null,null,null,null,null,null,null,null,null,null,null,3,null,null,null,"●","●","●",3]
[null,null,"Intel Xeon Gold 6154_18C",null,null,null,null,null,null,null,null,null,null,null,null,"●",null,null,null,"●","●","●",null,null,null,null,null,"●"]
[null,"173 W","Intel Xeon Platinum 8176F_28C",null,null,null,null,null,null,null,null,null,null,null,null,"●",3,null,null,"●","●","●","●",null,null,null,null,"●",3]
[null,"165 W","Intel® Xeon® Platinum 8276 CPU_28C",null,null,null,null,3,null,null,null,null,null,null,null,"●","●",null,null,"●","●","●","●",3,null,null,null,"●","●"]
[null,null,"Intel® Xeon® Platinum 8260 CPU_24C",null,null,null,null,3,null,null,null,null,null,null,null,"●","●",null,null,"●","●","●","●",3,null,null,null,"●","●"]
[null,null,"Intel Xeon Platinum 8176 _28C",3,null,null,null,"●",null,null,null,null,null,null,null,"●",3,null,null,"●","●","●","●",3,null,null,null,"●",3]
[null,null,"Intel Xeon Platinum 8170_26C",3,null,null,null,"●",null,null,null,null,null,null,null,"●",3,null,null,"●","●","●","●","●",null,null,null,"●",3]
[null,null,"Intel Xeon Gold 6150_18C",3,null,null,null,"●",null,null,null,null,null,null,null,"●","●",null,null,"●","●","●","●","●",null,null,null,"●","●"]
[null,null,"Intel Xeon Gold 6146_12C",null,null,null,null,3,null,null,null,null,null,null,null,"●",3,null,null,"●","●",3,3,3,null,null,null,3,3]
[null,null,"Intel Xeon Platinum 8170F_26C",3,null,null,null,"●",null,null,null,null,null,null,null,"●","●",null,null,"●","●","●","●","●",null,null,null,"●","●"]
[null,"160 W","Intel Xeon Platinum 8160F_24C",3,null,null,null,"●",null,null,null,null,null,null,null,"●","●",null,null,"●","●","●","●","●",null,null,null,"●","●"]
[null,null,"Intel Xeon Gold 6148F_20C",3,null,null,null,"●",null,null,null,null,null,null,null,"●","●",null,null,"●","●","●","●","●",null,null,null,"●","●"]
[null,null,"Intel Xeon Gold 6142F_16C",3,null,null,null,"●",null,null,null,null,null,null,null,"●","●",null,null,"●","●","●","●","●",null,null,null,"●","●"]
[null,"150 W","Intel® Xeon® Gold 6252 CPU_24C","●",null,null,null,"●",3,null,null,null,null,null,null,"●","●",null,null,"●","●","●","●","●",3,null,null,"●","●","●",3]
[null,null,"Intel® Xeon® Gold 6248 CPU_20C","●",null,null,null,"●",3,null,null,null,null,null,null,"●","●",null,null,"●","●","●","●","●",3,null,null,"●","●","●",3]
[null,null,"Intel® Xeon® Gold 6240 CPU_18C","●",null,null,null,"●",3,null,null,null,null,null,null,"●","●",null,null,"●","●","●",3,3,3,null,null,"●","●","●"]
[null,null,"Intel® Xeon® Gold 6242 CPU_16C","●",null,null,null,"●",3,null,null,null,null,null,null,"●","●",null,null,"●","●","●","●","●",3,null,null,"●","●","●"]
[null,null,"Intel® Xeon® Gold 6244 CPU_8C","●",null,null,null,3,3,null,null,null,null,null,null,"●",3,null,null,"●","●","●","●",3,null,null,null,"●","●"]
[null,null,"Intel Xeon Platinum 8164_26C","●",null,null,null,"●",3,null,null,null,null,null,null,"●","●",null,null,"●","●","●","●","●",3,null,null,"●","●",3,3]
[null,null,"Intel Xeon Platinum 8160_24C","●",null,null,null,"●",3,null,null,null,null,null,null,"●","●",null,null,"●","●","●","●","●",3,null,null,"●","●",3,3]
[null,null,"Intel Xeon Gold 6148_20C","●",null,null,null,"●",3,null,null,null,null,null,null,"●","●",null,null,"●","●","●","●","●",3,null,null,"●","●",3,3]
[null,null,"Intel Xeon Gold 6136_12C","●",null,null,null,"●","●",null,null,null,null,null,null,"●","●",null,null,"●","●","●","●","●","●",null,null,"●","●","●","●"]
[null,null,"Intel Xeon  Gold 6144_8C",3,null,null,null,3,3,null,null,null,null,null,null,"●",3,null,null,"●","●","●",3,3,3,null,null,"●",3,3,3]
[null,null,"Intel Xeon Platinum 8158_12C","●",null,null,null,"●","●",null,null,null,null,null,null,"●","●",null,null,"●","●","●","●","●","●",null,null,"●","●","●","●"]
[null,null,"Intel Xeon Gold 6142_16C","●",null,null,null,"●",3,null,null,null,null,null,null,"●","●",null,null,"●","●","●","●","●",3,null,null,"●","●",3,3]
[null,"140 W","Intel Xeon Gold 6132_14C","●",3,null,null,"●",3,null,null,"●",null,null,null,"●","●","●",3,"●","●","●","●","●","●",3,null,"●","●","●","●"]
[null,null,"Intel Xeon Gold 6152_22C","●","●",null,null,"●","●",null,null,"●",null,null,null,"●","●","●","●","●","●","●","●","●","●",3,null,"●","●","●","●"]
[null,null,"Intel Xeon Gold 6140_18C","●","●",null,null,"●","●",null,null,"●",null,null,null,"●","●","●","●","●","●","●","●","●","●","●",null,"●","●","●","●"]
[null,"135 W","Intel Xeon Gold 6138F_20C","●","●",null,null,"●","●",null,null,3,null,null,null,"●","●","●","●","●","●","●","●","●","●","●",null,"●","●","●","●"]
[null,null,"Intel Xeon Gold 6130F_16C","●","●",null,null,"●","●",null,null,3,null,null,null,"●","●","●","●","●","●","●","●","●","●","●",null,"●","●","●","●"]
[null,null,"Intel Xeon Gold 6126F_12C","●","●",null,null,"●","●",null,null,3,null,null,null,"●","●","●","●","●","●","●","●","●","●","●",null,"●","●","●","●"]
[null,"130 W","Intel Xeon Gold 6134_8C","●","●",null,null,"●","●",null,null,"●",null,null,null,"●","●","●","●","●","●","●","●","●","●","●",null,"●","●","●","●"]
[null,"125 W","Intel® Xeon® Gold 6230 CPU_20C","●","●",null,null,"●","●",null,null,"●","●",null,null,"●","●","●","●","●","●","●","●","●","●","●",null,"●","●","●","●"]
[null,null,"Intel® Xeon® Gold 5220 CPU _18C","●","●",null,null,"●","●",null,null,"●","●",null,null,"●","●","●","●","●","●","●","●","●","●","●",null,"●","●","●","●"]
[null,null,"Intel® Xeon® Gold 5218 CPU_16C","●","●",null,null,"●","●",null,null,"●","●",null,null,"●","●","●","●","●","●","●","●","●","●","●",null,"●","●","●","●"]
[null,null,"Intel® Xeon® Platinum 8253 CPU_16C","●","●",null,null,"●","●",null,null,"●","●",null,null,"●","●","●","●","●","●","●","●","●","●","●",null,"●","●","●","●"]
[null,null,"Intel Xeon Gold 6138_20C","●","●",null,null,"●","●",null,null,"●",null,null,null,"●","●","●","●","●","●","●","●","●","●","●",3,"●","●","●","●"]
[null,null,"Intel Xeon Gold 6130_16C","●","●",null,null,"●","●",null,null,"●",null,null,null,"●","●","●","●","●","●","●","●","●","●","●",3,"●","●","●","●"]
[null,null,"Intel Xeon Platinum 8153_16C","●","●",null,null,"●","●",null,null,"●",null,null,null,"●","●","●","●","●","●","●","●","●","●","●",3,"●","●","●","●"]
[null,null,"Intel Xeon Gold 6126_12C","●","●",null,null,"●","●",null,null,"●",null,null,null,"●","●","●","●","●","●","●","●","●","●","●","●","●","●","●","●"]
[null,"115 W","Intel Xeon Gold 6128_6C","●","●",null,null,"●","●",null,null,"●",null,null,null,"●","●","●","●","●","●","●","●","●","●","●","●","●","●","●","●"]
[null,"113 W","Intel Xeon Gold 5117F_14C","●","●",null,null,"●","●",null,null,"●","●",null,null,"●","●","●","●","●","●","●","●","●","●","●","●","●","●","●","●"]
[null,"105 W","Intel Xeon Gold 5122_4C","●","●",null,null,"●","●",null,null,"●","●",null,null,"●","●","●","●","●","●","●","●","●","●","●","●","●","●","●","●"]
[null,null,"Intel Xeon Platinum 8156_4C","●","●",null,null,"●","●",null,null,"●","●",null,null,"●","●","●","●","●","●","●","●","●","●","●","●","●","●","●","●"]
[null,null,"Intel Xeon Gold 5120_14C","●","●",null,null,"●","●",null,null,"●",3,null,null,"●","●","●","●","●","●","●","●","●","●","●","●","●","●","●","●"]
[null,null,"Intel Xeon Gold 5118_12C","●","●",null,null,"●","●",null,null,"●",3,null,null,"●","●","●","●","●","●","●","●","●","●","●","●","●","●","●","●"]
[null,"85 W","Intel® Xeon® Gold 5215 CPU_10C","●","●",null,null,"●","●",null,null,"●","●",null,null,"●","●","●","●","●","●","●","●","●","●","●","●","●","●","●","●"]
[null,null,"Intel Xeon Gold 5115_10C","●","●",null,null,"●","●",null,null,"●","●",null,null,"●","●","●","●","●","●","●","●","●","●","●","●","●","●","●","●"]
[null,null,"Intel Xeon Silver 4116_12C","●","●",null,null,"●","●",null,null,"●","●",null,null,"●","●","●","●","●","●","●","●","●","●","●","●","●","●","●","●"]
[null,null,"Intel Xeon Silver 4114_10C","●","●",null,null,"●","●",null,null,"●","●",null,null,"●","●","●","●","●","●","●","●","●","●","●","●","●","●","●","●"]
[null,null,"Intel Xeon Silver 4110_8C","●","●",null,null,"●","●",null,null,"●","●",null,null,"●","●","●","●","●","●","●","●","●","●","●","●","●","●","●","●"]
[null,null,"Intel Xeon Silver 4108 _8C","●","●",null,null,"●","●",null,null,"●","●",null,null,"●","●","●","●","●","●","●","●","●","●","●","●","●","●","●","●"]
[null,null,"Intel Xeon Bronze 3106 _8C","●","●",null,null,"●","●",null,null,"●","●",null,null,"●","●","●","●","●","●","●","●","●","●","●","●","●","●","●","●"]
[null,null,"Intel Xeon Bronze 3104_6C","●","●",null,null,"●","●",null,null,"●","●",null,null,"●","●","●","●","●","●","●","●","●","●","●","●","●","●","●","●"]
[null,null,"Intel Xeon Silver 4112_4C","●","●",null,null,"●","●",null,null,"●","●",null,null,"●","●","●","●","●","●","●","●","●","●","●","●","●","●","●","●"]
["Memory Type ( See note  23)\n",null,"AEP SDP 128 GB","●","●",null,null,"●","●",null,null,"●","●",null,null,"●","●","●","●","●","●","●","●","●","●","●","●","●","●","●","●"]
[null,null,"AEP DDQ 256 GB","●","●",null,null,"●","●",null,null,"●","●",null,null,"●","●","●","●","●","●","●","●","●","●","●","●","●","●","●","●"]
[null,null,"AEP QDP 512 GB","●","●",null,null,"●","●",null,null,"●","●",null,null,"●","●","●",3,"●","●","●","●","●","●",3,3,"●","●",3,3]
[null,null,"RDIMM-2Rx8,1Rx4, 1Rx8","●","●",null,null,"●","●",null,null,"●","●",null,null,"●","●","●","●","●","●","●","●","●","●","●","●","●","●","●","●"]
[null,null,"RDIMM-DRx4","●","●",null,null,"●","●",null,null,"●","●",null,null,"●","●","●","●","●","●","●","●","●","●","●","●","●","●","●","●"]
[null,null,"LRDIMM-QRx4 DDP","●","●",null,null,"●","●",null,null,"●",3,null,null,"●","●",3,3,"●","●","●","●","●","●",3,3,"●","●","●","●"]
["Add-in Cards     (See note 5)",null,"Riser #1 - Bottom Slot (1U riser and 2U riser)","●","●",null,null,"●","●",null,null,"●","●",null,null,"●","●","●","●","●","●","●","●","●","●","●","●","●","●","●","●"]
[null,null,"Riser #1 - Middle Slot (2U riser)","●","●",null,null,"●","●",null,null,"●","●",null,null,"●","●","●","●","●","●","●","●"]
[null,null,"Riser #1 - Top Slot (2U riser)","●","●",null,null,"●","●",null,null,"●","●",null,null,"●","●","●","●","●","●","●","●","●","●","●","●","●","●","●","●"]
[null,null,"Riser #2 - Bottom Slot (1U riser and 2U riser)","●","●",null,null,"●","●",null,null,"●","●",null,null,"●","●","●","●","●","●","●","●","●","●","●","●","●","●","●","●"]
[null,null,"Riser #2 - Middle Slot (2U riser)","●","●",null,null,"●","●",null,null,"●","●",null,null,"●","●","●","●","●","●","●","●"]
[null,null,"Riser #2 - Top Slot (2U riser)","●","●",null,null,"●","●",null,null,"●","●",null,null,"●","●","●","●","●","●","●","●","●","●","●","●","●","●","●","●"]
["3rd PCI Riser",null,"Riser #3 - Bottom Slot","●","●",null,null,"●","●",null,null,"●","●",null,null,"●","●","●",5,"●","●","●",5,"●","●",5,5,"●","●",5,5]
[null,null,"Riser #3 - Top Slot","●","●",null,null,"●","●",null,null,"●","●",null,null,"●","●","●",5,"●","●","●",5,"●","●",5,5,"●","●",5,5]
["SAS and OCP Modules (See Note 4)",null,"Intel® Integrated RAID Modules (Mezzanine cards)","●","●",null,null,"●","●",null,null,"●","●",null,null,"●","●","●","●","●","●","●","●","●","●","●","●","●","●","●","●"]
[null,null,"16 port tri mode mezzanine","●","●",null,null,"●","●",null,null,"●","●",null,null,"●","●","●","●","●","●","●","●","●","●","●","●","●","●","●","●"]
[null,null,"IFT carrier AIC","●","●",null,null,"●","●",null,null,"●",27,null,null,"●","●","●","●","●","●","●","●","●","●","●","●","●","●","●","●"]
[null,null,"IFT carrier Mezzanine","●","●",null,null,"●","●",null,null,"●",27,null,null,"●","●","●","●","●","●","●","●","●","●","●","●","●","●","●","●"]
[null,null,"Dual 10GBase-T Taylor Canal","●","●",null,null,"●","●",null,null,"●","●",null,null,"●","●","●","●","●","●","●","●","●","●","●","●","●","●","●",27]
[null,null,"Dual SFP+ Cascade Canal","●","●",null,null,"●","●",null,null,"●","●",null,null,"●","●","●","●","●","●","●","●","●","●","●","●","●","●","●",27]
[null,null,"Quad SFP+ Cascade Canal","●","●",null,null,"●","●",null,null,"●","●",null,null,"●","●","●","●","●","●","●","●","●","●","●","●","●","●","●",27]
[null,null,"1GBase-T Quad Main Canal","●","●",null,null,"●","●",null,null,"●","●",null,null,"●","●","●","●","●","●","●","●","●","●","●","●","●","●","●",27]
["Battery Backup (See note 9)",null,"BBU (rated to 45C)",null,null,null,null,"●",null,null,null,"●",null,null,null,"●","●","●","●","●","●","●","●","●","●","●","●","●","●"]
[null,null,"Supercap (rated to 55C)","●","●",null,null,"●","●",null,null,"●","●",null,null,"●","●","●","●","●","●","●","●","●","●","●","●","●","●"]
[null,null,"Cache Offload Module (rated to 55C)","●","●",null,null,"●","●",null,null,"●","●",null,null,"●","●","●","●","●","●","●","●","●","●","●","●","●","●"]
["Internal SSD ",null,"Rated to 60C",null,null,null,null,"●",null,null,null,"●",null,null,null,"●","●","●","●","●","●","●","●","●","●","●","●","●","●"]
[null,null,"Rated to 70C","●","●",null,null,"●","●",null,null,"●","●",null,null,"●","●","●","●","●","●","●","●","●","●","●","●","●","●","●"]
["Rear SSD",null,"Rated to 60C","●",null,null,null,"●",null,null,null,"●",null,null,null,"●","●","","","●","●","","","●","●","●","●","●","●"]
[null,null,"Rated to 70C","●","●",null,null,"●","●",null,null,"●","●",null,null,"●","●","●","●","●","●","●","●","●","●","●","●","●","●","●"]
["2.5\" SFF NVMe SSD\n(DC P3700/P3500)  ( See note 17)\n",null,"1600GB/2TB",null,null,null,null,null,null,null,null,"●","●",null,null,"●","●","●","●","●","●","●","●",null,null,null,null,"●"]
[null,null,"800GB",null,null,null,null,null,null,null,null,"●","●",null,null,"●","●","●","●","●","●","●","●",null,null,null,null,"●","●","●","●"]
[null,null,"600GB ",null,null,null,null,"●","●",null,null,"●","●",null,null,"●","●","●","●","●","●","●","●",null,null,null,null,"●","●","●","●"]
[null,null,"400GB",null,null,null,null,"●","●",null,null,"●","●",null,null,"●","●","●","●","●","●","●","●",null,null,null,null,"●","●","●","●"]
[null,null,"200GB",null,null,null,null,"●","●",null,null,"●","●",null,null,"●","●","●","●","●","●","●","●",null,null,null,null,"●","●","●","●"]
["SATA HDD",null,"Up to 2 TB","●","●",null,null,"●","●",null,null,"●","●",null,null,"●","●","●","●","●","●","●","●","●","●","●","●","●","●","●","●"]
["PCIe SSD AIC FF\n(DC P3700/P3500)\n(See note 8)",null,"1600GB/2TB","●",null,null,null,"●",null,null,null,null,null,null,null,"●",8,8,null,"●",8,8,null,null,null,null,null,8,8,8]
[null,null,"800GB","●",null,null,null,"●",null,null,null,null,null,null,null,"●",8,8,null,"●",8,8,null,null,null,null,null,8,8,8]
[null,null,"600GB","●","●",null,null,"●","●",null,null,"●","●",null,null,"●","●",8,8,"●","●",8,8,null,null,null,null,"●","●",8,8]
[null,null,"400GB","●","●",null,null,"●","●",null,null,"●","●",null,null,"●","●",8,8,"●","●",8,8,null,null,null,null,"●","●",8,8]
[null,null,"200GB","●","●",null,null,"●","●",null,null,"●","●",null,null,"●","●","●","●","●","●","●","●",null,null,null,null,"●","●","●","●"]
["Intel® Xeon Phi™ \n(See Note 7, 10 )\n",null,"Active Cooling up to 300W",null,null,null,null,null,null,null,null,null,null,null,null,"●","●",null,null,"●","●"]
[null,null,"Active Cooling up to 225W",null,null,null,null,null,null,null,null,null,null,null,null,"●","●","●","●","●","●","●","●"]
[null,null,"Intel® Xeon Phi™ w/Passive Cooling up to 225W",null,null,null,null,null,null,null,null,null,null,null,null,null,null,null,null,null,null,null,null,"●","●","●","●","●","●","●","●"]
[null,null,"Intel® Xeon Phi™ w/Passive Cooling up to 245W",null,null,null,null,null,null,null,null,null,null,null,null,null,null,null,null,null,null,null,null,7,7,7,7,"●",7,7,7]
[null,null,"Intel® Xeon Phi™ w/Passive Cooling up to 300W",null,null,null,null,null,null,null,null,null,null,null,null,null,null,null,null,null,null,null,null,7,7,7,7,"●",7,7,7]
["M.2 Sustainted Max Power (TDP)",null,"Intel 120G and 80G SATA",14,14,null,null,14,14,null,null,14,14,null,null,"●","●",14,14,"●","●",14,14,"●",14,14,14,"●","●",14,14]
[null,null,"non-Intel M.2",16,16,null,null,16,16,null,null,16,16,null,null,"●","●",16,16,"●","●",16,16,"●",16,16,16,"●","●",16,16]
["M.2 Light Workload [ See note 15]",null,"Intel 120G and 80G SATA","●","●",null,null,"●",14,null,null,"●",14,null,null,"●","●","●",14,"●","●","●",14,"●","●","●",14,"●","●","●",14]
[null,null,"non-Intel M.2","●","●",null,null,"●",16,null,null,"●",16,null,null,"●","●","●",16,"●","●","●",16,"●","●","●",16,"●","●","●",16]

{"sheet":"Fan Fail Config","index":3,"n_rows":254,"n_cols":31,"rows_kept":254,"cut":false,"hidden":false,"merged":[[270,0,271,0],[272,0,273,0],[263,0,267,0],[268,0,269,0],[258,0,259,0],[139,15,139,18],[139,19,139,22],[139,23,139,26],[139,27,139,30],[139,0,139,2],[139,3,139,6],[139,7,139,10],[86,0,88,0],[89,0,93,0],[95,0,99,0],[75,0,76,0],[139,11,139,14],[1,3,1,6],[5,1,7,1],[38,1,45,1],[1,7,1,10],[1,11,1,14],[9,1,15,1],[16,1,18,1],[19,1,30,1],[31,1,33,1],[34,1,36,1],[252,0,253,0],[256,0,257,0],[65,0,70,0],[71,0,72,0],[0,0,0,1],[1,0,1,2],[5,0,7,0],[2,0,3,0],[9,0,60,0],[48,1,51,1],[52,1,60,1],[100,0,101,0],[102,0,103,0],[104,0,112,0],[73,0,74,0],[77,0,85,0],[211,0,216,0],[217,0,218,0],[219,0,226,0],[245,0,249,0],[250,0,251,0],[227,0,229,0],[230,0,231,0],[232,0,233,0],[234,0,238,0],[240,0,244,0],[192,1,195,1],[205,1,210,1],[196,1,204,1],[140,1,141,1],[142,0,144,0],[145,1,149,1],[150,1,151,1],[153,1,159,1],[160,1,162,1],[163,1,174,1],[175,1,177,1],[178,1,180,1],[182,1,189,1],[145,0,196,0],[205,0,210,0],[140,0,141,0]]}
["Fan Failure Thermal Config Matrix",null,null,null,null,null,null,null,null,null,null,null,null,{"$f":"Summary!D15","v":{"$error":"#DIV/0!"}},"<-- Margin to PS rating"]
["Thermal Config Matrix                                                                                                            Fan fail mode                                                            \"●\"= Full Support without limitation;                                                      \"4,5\"(Cell with number)=Conditional support with limitation;   (See notes below table)\n\" \"(Blank)=Not support; ",null,null,"R1304 HDD WF",null,null,null,"R1208 HDD WF",null,null,null,"R1208 NVME WF"]
["ASHRAE (See note 1)",null,"Classifications","27C","A2","A3","A4","27C","A2","A3","A4","27C","A2","A3","A4"]
[null,null,"Max Ambient","27°C(1)","35°C","40°C","45°C","27°C(1)","35°C","40°C","45°C","27°C(1)","35°C","40°C","45°C"]
[null,null,"Altitude",900,900,900,900,900,900,900,900,900,900,900,900]
["PS (See note 6) ",null,"1300W AC",2,2,2,2,2,2,2,2,2,2,2,2]
[null,null,"1100W AC",2,2,2,2,2,2,2,2,2,2,2,2]
[null,null,"750W DC"," 2, 20, 24","2, 21, 24",2,2,"2, 20, 24","2, 21",2,2]
[null,"173 W","Intel Xeon Platinum 8176F _28C",23,23,null,null,23,null,null,null,23]
["CPU TDP","165 W","Intel® Xeon® Platinum 8276 CPU_28C",23,23,null,null,23,23,null,null,23]
[null,null,"Intel® Xeon® Platinum 8260 CPU_24C",23,23,null,null,23,23,null,null,23]
[null,null,"Intel Xeon Platinum 8176 _28C",23,23,null,null,23,null,null,null,23]
[null,null,"Intel Xeon Platinum 8170_26C",23,23,null,null,23,null,null,null,23]
[null,null,"Intel Xeon Gold 6150_18C",23,23,null,null,23,null,null,null,23]
[null,null,"Intel Xeon Gold 6146_12C",23,23,null,null,23,23,null,null,23]
[null,null,"Intel Xeon Platinum 8170F_26C",23,23,null,null,23,23,null,null,23]
[null,"160 W","Intel Xeon Platinum 8160F_24C",23,23,null,null,23,23,null,null,23]
[null,null,"Intel Xeon Gold 6148F_20C",23,23,null,null,23,23,null,null,23]
[null,null,"Intel Xeon Gold 6142F_16C",23,23,null,null,23,23,null,null,23]
[null,"150 W","Intel® Xeon® Gold 6252 CPU_24C",23,23,null,null,23,23,null,null,23]
[null,null,"Intel® Xeon® Gold 6248 CPU_20C",23,23,null,null,23,23,null,null,23]
[null,null,"Intel® Xeon® Gold 6240 CPU_18C",23,23,"\nGap, Max Tj, % Pass, Acoustic %, throttle %, Max Power Gap, Excursion Spec\n10.1, 108.7, 7.93, 0, 74.42, 20.61, Pass",null,23,23,null,null,23]
[null,null,"Intel® Xeon® Gold 6242 CPU_16C",23,23,"\nGap, Max Tj, % Pass, Acoustic %, throttle %, Max Power Gap, Excursion Spec\n9.6, 110.6, 9.93, 0, 71.36, 19.87, Pass",null,23,23,null,null,23]
[null,null,"Intel® Xeon® Gold 6244 CPU_8C","\nGap, Max Tj, % Pass, Acoustic %, throttle %, Max Power Gap, Excursion Spec\n5.1, 105.8, 85.1, 0, 5.45, 7.6, Pass",null,null,null,23,23,null,null,"\nGap, Max Tj, % Pass, Acoustic %, throttle %, Max Power Gap, Excursion Spec\n10.6, 111.1, 9.46, 0, 72.09, 17.52, Pass"]
[null,null,"Intel Xeon Platinum 8164_26C",3,23,23,null,23,23,null,null,23]
[null,null,"Intel Xeon Platinum 8160_24C",3,23,23,null,23,23,null,null,23]
[null,null,"Intel Xeon Gold 6148_20C",3,23,23,null,23,23,null,null,23]
[null,null,"Intel Xeon Gold 6136_12C",3,23,23,null,23,23,null,null,23]
[null,null,"Intel Xeon  Gold 6144_8C",3,23,23,null,23,23,null,null,23]
[null,null,"Intel Xeon Platinum 8158_12C",3,23,23,null,23,23,null,null,23]
[null,null,"Intel Xeon Gold 6142_16C",3,23,23,null,23,23,null,null,23]
[null,"140 W","Intel Xeon Gold 6132_14C",3,3,23,null,3,23,23,null,3,23]
[null,null,"Intel Xeon Gold 6152_22C",3,3,23,null,3,23,23,null,3,23]
[null,null,"Intel Xeon Gold 6140_18C",3,3,23,null,3,23,23,null,3,23]
[null,"135 W","Intel Xeon Gold 6138F_20C",3,3,23,null,3,23,23,null,"●",23]
[null,null,"Intel Xeon Gold 6130F_16C",3,3,23,null,3,23,23,null,"●",23]
[null,null,"Intel Xeon Gold 6126F_12C",3,3,23,null,3,23,23,null,"●",23]
[null,"130 W","Intel Xeon Gold 6134_8C","●",3,23,null,"●",23,23,null,"●",23]
[null,"125 W","Intel® Xeon® Gold 6230 CPU_20C",23,23,23,"\nGap, Max Tj, % Pass, Acoustic %, throttle %, Max Power Gap, Excursion Spec\n5.2, 101.1, 78.59, 0, 10.85, 10.61, Pass","●",23,23,23,"●",23,23]
[null,null,"Intel® Xeon® Gold 5220 CPU _18C",23,23,23,"\nGap, Max Tj, % Pass, Acoustic %, throttle %, Max Power Gap, Excursion Spec\n5, 101.8, 79.6, 0, 10.07, 9.59, Pass","●",23,23,23,"●",23,23]
[null,null,"Intel® Xeon® Gold 5218 CPU_16C",23,23,23,"\nGap, Max Tj, % Pass, Acoustic %, throttle %, Max Power Gap, Excursion Spec\n4.9, 101.7, 80.08, 0, 9.76, 9.37, Pass","●",23,23,23,"●",23,23]
[null,null,"Intel® Xeon® Platinum 8253 CPU_16C",23,23,23,"\nGap, Max Tj, % Pass, Acoustic %, throttle %, Max Power Gap, Excursion Spec\n4.8, 101.7, 80.36, 0, 9.59, 9.38, Pass","●",23,23,23,"●",23,23]
[null,null,"Intel Xeon Gold 6138_20C","●",3,23,23,"●",3,23,23,"●",3,23]
[null,null,"Intel Xeon Gold 6130_16C","●",3,23,23,"●",3,23,23,"●",3,23]
[null,null,"Intel Xeon Platinum 8153_16C","●",3,23,23,"●",3,23,23,"●",3,23]
[null,null,"Intel Xeon Gold 6126_12C","●",3,23,23,"●",3,23,23,"●",3,23]
[null,"115 W","Intel Xeon Gold 6128_6C","●","●","●",23,"●","●",23,23,"●","●",23]
[null,"113 W","Intel Xeon Gold 5117F_14C","●","●",23,23,"●","●",23,23,"●","●",23]
[null,"105 W","Intel Xeon Gold 5122_4C","●","●",3,23,"●","●",3,23,"●","●",3,23]
[null,null,"Intel Xeon Platinum 8156_4C","●","●",3,23,"●","●",3,23,"●","●",3,23]
[null,null,"Intel Xeon Gold 5120_14C","●","●",3,23,"●","●",3,23,"●","●",3,23]
[null,null,"Intel Xeon Gold 5118_12C","●","●",3,23,"●","●",3,23,"●","●",3,23]
[null,"85 W","Intel® Xeon® Gold 5215 CPU_10C",23,23,23,23,"●","●","●",23,"●","●","●","\nGap, Max Tj, % Pass, Acoustic %, throttle %, Max Power Gap, Excursion Spec\n7, 93.2, 38.96, 0, 45.34, 12.92, Pass"]
[null,null,"Intel Xeon Gold 5115_10C","●","●","●",23,"●","●","●",23,"●","●","●",23]
[null,null,"Intel Xeon Silver 4116_12C","●","●","●",23,"●","●","●",23,"●","●","●",23]
[null,null,"Intel Xeon Silver 4114_10C","●","●","●",23,"●","●","●",23,"●","●","●",23]
[null,null,"Intel Xeon Silver 4110_8C","●","●","●",23,"●","●","●",23,"●","●","●",23]
[null,null,"Intel Xeon Silver 4108 _8C","●","●","●",23,"●","●","●",23,"●","●","●",23]
[null,null,"Intel Xeon Bronze 3106 _8C","●","●","●",23,"●","●","●",23,"●","●","●",23]
[null,null,"Intel Xeon Bronze 3104_6C","●","●","●",23,"●","●","●",23,"●","●","●",23]
[null,null,"Intel Xeon Silver 4112_4C","●","●","●",23,"●","●","●",23,"●","●","●",23]
[]
[]
[]
[]
["Memory Type ( See note 16)",null,"AEP SDP 128 GB","●",3,3,3,"●","●",3,3,"●","●",3,3]
[null,null,"AEP DDQ 256 GB","●",3,3,3,"●","●",3,3,"●","●",3,3]
[null,null,"AEP QDP 512 GB",3,3,3,3,"●",3,3,3,"●",3,3,3]
[null,null,"RDIMM-2Rx8,1Rx4, 1Rx8","●","●","●","●","●","●","●","●","●","●","●","●"]
[null,null,"RDIMM-DRx4","●","●","●","●","●","●","●","●","●","●","●","●"]
[null,null,"LRDIMM-QRx4 DDP","●",3,3,3,"●",3,3,3,"●",3,3,3]
["Add-in Cards     (See note 5)",null,"Riser #1 - Bottom Slot (1U riser and 2U riser)","●","●","●","●","●","●","●","●","●","●","●","●"]
[null,null,"Riser #2 - Bottom Slot (1U riser and 2U riser)","●","●","●","●","●","●","●","●","●","●","●","●"]
["3rd PCI Riser"]
[]
["3rd PCI Riser",null,"Riser #3 - Bottom Slot","","",null,null,"","",null,null,"",""]
[null,null,"Riser #3 - Top Slot","","",null,null,"","",null,null,"",""]
["SAS and OCP Modules (See Note 4)",null,"Intel® Integrated RAID Modules (Mezzanine cards)","●","●","●","●","●","●","●","●","●","●","●","●"]
[null,null,"16 port tri mode mezzanine","●",26,26,26,"●",26,26,26,"●",26,26,26]
[null,null,"IFT carrier AIC",26,26,26,26,26,26,26,26,26,26,26,26]
[null,null,"IFT carrier Mezzanine",26,26,26,26,26,26,26,26,26,26,26,26]
[null,null,"Dual 10GBase-T Taylor Canal","●","●","●","●","●","●","●","●","●","●","●","●"]
[null,null,"QP 10GBase-T Taylor Canal","●",12,13,14,"●",12,13,14,"●",12,13,14]
[null,null,"Dual SFP+ Cascade Canal","●","●","●","●","●","●","●","●","●","●","●","●"]
[null,null,"Quad SFP+ Cascade Canal","●","●","●","●","●","●","●","●","●","●","●","●"]
[null,null,"1GBase-T Quad Main Canal","●","●","●","●","●","●","●","●","●","●","●","●"]
["Battery Backup (See note 9)",null,"BBU (rated to 45C)","●","●",null,null,"●","●",null,null,"●","●"]
[null,null,"Supercap (rated to 55C)","●","●",null,null,"●","●",null,null,"●","●"]
[null,null,"Cache Offload Module (rated to 55C)","●","●","●","●","●","●","●","●","●","●","●","●"]
["2.5\" SFF NVMe SSD\n(DC P3700/P3500) ( See note 22)\n",null,"1600GB/2TB",null,null,null,null,null,null,null,null,"●","●","●","●"]
[null,null,"800GB",null,null,null,null,null,null,null,null,"●","●","●","●"]
[null,null,"600GB ",null,null,null,null,null,null,null,null,"●","●","●","●"]
[null,null,"400GB",null,null,null,null,null,null,null,null,"●","●","●","●"]
[null,null,"200GB",null,null,null,null,null,null,null,null,"●","●","●","●"]
["SATA HDD",null,"Up to 2 TB","●","●","●","●","●","●","●","●","●","●","●","●"]
["PCIe SSD AIC FF\n(DC P3700/P3500)\n(See note 8)",null,"1600GB/2TB","●","●","●","●","●","●","●","●","●","●","●","●"]
[null,null,"800GB","●","●","●","●","●","●","●","●","●","●","●","●"]
[null,null,"600GB","●","●","●","●","●","●","●","●","●","●","●","●"]
[null,null,"400GB","●","●","●","●","●","●","●","●","●","●","●","●"]
[null,null,"200GB","●","●","●","●","●","●","●","●","●","●","●","●"]
["M.2 Sustainted Max Power (TDP)",null,"Intel 120G and 80G SATA","●",13,13,13,"●",13,13,13,"●",13,13,13]
[null,null,"non-Intel M.2","●",15,15,15,"●",15,15,15,"●",15,15,15]
["M.2 Light Workload [ See note 14]",null,"Intel 120G and 80G SATA","●",13,13,13,"●",13,13,13,"●",13,13,13]
[null,null,"non-Intel M.2","●",15,15,15,"●",15,15,15,"●",15,15,15]
["Lewisburg",null,"LBG 0 (10w)","●","●",null,null,"●","●",null,null,"●","●"]
[null,null,"LBG 2 (15w)","●","●",null,null,"●","●",null,null,"●","●"]
[null,null,null,"●",11,null,null,"●",11,null,null,"●",11]
[null,null,"LBG L (20W)","●",11,null,null,"●",11,null,null,"●",11]
[null,null,"LBG E (21W)",11,11,null,null,11,11,null,null,11,11]
[null,null,"LBG M (25W)",11,11,null,null,11,11,null,null,11,11]
[]
[]
[]
["Oppervale",null,"9W","●","●",null,null,"●","●",null,null,"●","●"]
[]
[]
[]
[]
[]
[]
[]
["ROC?"]
[]
[]
[]
[]
[]
["VR?"]
[]
[]
[]
[]
[]
[]
[]
[]
[]
[]
[]
["Thermal Config Matrix                                                                                                            Fan fail mode                                                            \"●\"= Full Support without limitation;                                                      \"4,5\"(Cell with number)=Conditional support with limitation;   (See notes below table)\n\" \"(Blank)=Not support; ",null,null,"Base System SKUs:                                                             R2312 WF                                               STANDARD AIRDUCT",null,null,null,"Base System SKUs:                      \nR2224 WF                                                                                       SATA / NVME 200 GB - 600 GB                                          STANDARD AIRDUCT",null,null,null,"Base System SKUs:              \nR2224 WF                                                                  NVME 800 GB - 2.0 TB                                               STANDARD AIRDUCT",null,null,null,"Base System SKUs:                         \nR2308 WF                                                                           R2216 WF                                           STANDARD AIRDUCT",null,null,null,"Base System SKUs:                                                             R2208 WF                                                              STANDARD AIRDUCT",null,null,null,"Xeon PHI  Computing Optimized:                                                                         R2308 WF                                                     R2216 WF                                                              AWFCOPRODUCT AIRDUCT                           ",null,null,null,"Xeon PHI  Computing Optimized:                                               R2208 WF                                                              AWFCOPRODUCT   AIRDUCT"]
["ASHRAE (See note 1)",null,"Classifications","27C","A2","A3","A4","27C","A2","A3","A4","27C","A2","A3","A4","27C","A2","A3","A4","27C","A2","A3","A4","27C","A2","A3","A4","27C","A2","A3","A4"]
[null,null,"Max Ambient","27°C(1)","35°C","40°C","45°C","27°C(1)","35°C","40°C","45°C","27°C(1)","35°C","40°C","45°C","27°C(1)","35°C","40°C","45°C","27°C(1)","35°C","40°C","45°C","27°C(1)","35°C","40°C","45°C","27°C(1)","35°C","40°C","45°C"]
["PS (See note 2,6)",null,"1600W AC","2, 21",2,null,null,"2,21",2,null,null,"2, 22",2,null,null,"2,20","2, 22",2,2,"2, 18","2, 19","2, 20","2,21","2, 21",2,2,2,"2, 20","2, 22",2,2]
[null,null,"1300W AC","2, 21",2,null,null,"2,21",2,null,null,"2, 22",2,null,null,"2,20","2, 22",2,2,"2, 18","2, 19","2, 20","2,21","2, 21",2,2,2,"2, 20","2, 22",2,2]
[null,null,"1100W AC",2,2,null,null,2,2,null,null,2,2,null,null,2,2,2,2,"●","●","●","●",2,2,2,2,2,2,2,2]
["CPU TDP","205 W","Intel® Xeon® Platinum 8280 CPU_28 ",null,null,null,null,null,null,null,null,null,null,null,null,null,null,null,null,"●",24,24,null,null,null,null,null,24]
[null,null,"Intel® Xeon® Platinum 8270 CPU_26C",null,null,null,null,null,null,null,null,null,null,null,null,24,null,null,null,null,null,null,null,null,null,null,null,24]
[null,null,"Intel® Xeon® Platinum 8268 CPU_24C",null,null,null,null,null,null,null,null,null,null,null,null,24,null,null,null,"●",24,24,null,null,null,null,null,24]
[null,null,"Intel Xeon Platinum 8180_28C",null,null,null,null,null,null,null,null,null,null,null,null,24,null,null,null,"●",3,24,null,null,null,null,null,24]
[null,null,"Intel Xeon Platinum 8168_24C",null,null,null,null,null,null,null,null,null,null,null,null,24,null,null,null,"●",3,24,null,null,null,null,null,24]
[null,"200 W","Intel® Xeon® Gold 6254 CPU_18C "]
[null,null,"Intel Xeon Gold 6154_18C",null,null,null,null,null,null,null,null,null,null,null,null,24,null,null,null,"●",3,24,null,null,null,null,null,24]
[null,"173 W","Intel Xeon Platinum 8176F_28C",null,null,null,null,null,null,null,null,null,null,null,null,24,24,null,null,"●",3,24,24,null,null,null,null,24,24]
[null,"165 W","Intel® Xeon® Platinum 8276 CPU_28C",null,null,null,null,24,null,null,null,null,null,null,null,24,24,null,null,"●","●","●","●",null,null,null,null,24,24]
[null,null,"Intel® Xeon® Platinum 8260 CPU_24C",null,null,null,null,24,null,null,null,null,null,null,null,24,24,null,null,"●","●","●","●",null,null,null,null,24,24]
[null,null,"Intel Xeon Platinum 8176 _28C",24,null,null,null,24,null,null,null,null,null,null,null,24,24,null,null,"●","●","●",24,24,null,null,null,24,24]
[null,null,"Intel Xeon Platinum 8170_26C",24,null,null,null,24,null,null,null,null,null,null,null,24,24,null,null,"●","●","●",24,24,null,null,null,24,24]
[null,null,"Intel Xeon Gold 6150_18C",24,null,null,null,24,null,null,null,null,null,null,null,24,24,null,null,"●","●","●",24,24,null,null,null,24,24]
[null,null,"Intel Xeon Gold 6146_12C",null,null,null,null,24,null,null,null,null,null,null,null,24,24,null,null,"●",3,3,24,24,null,null,null,24,24]
[null,null,"Intel Xeon Platinum 8170F_26C",24,null,null,null,24,null,null,null,null,null,null,null,24,24,null,null,"●","●","●",24,24,null,null,null,24,24]
[null,"160 W","Intel Xeon Platinum 8160F_24C",24,null,null,null,24,null,null,null,null,null,null,null,24,24,null,null,"●","●","●",24,24,24,null,null,24,24]
[null,null,"Intel Xeon Gold 6148F_20C",24,null,null,null,24,null,null,null,null,null,null,null,24,24,null,null,"●","●","●",24,24,24,null,null,24,24]
[null,null,"Intel Xeon Gold 6142F_16C",24,null,null,null,24,null,null,null,null,null,null,null,24,24,null,null,"●","●","●",24,24,24,null,null,24,24]
[null,"150 W","Intel® Xeon® Gold 6252 CPU_24C",24,null,null,null,24,24,null,null,null,null,null,null,24,24,null,null,"●","●","●","●",24,null,null,null,24,24,24]
[null,null,"Intel® Xeon® Gold 6248 CPU_20C",24,null,null,null,24,24,null,null,null,null,null,null,24,24,null,null,"●","●","●","●",24,null,null,null,24,24,24]
[null,null,"Intel® Xeon® Gold 6240 CPU_18C",24,null,null,null,24,24,null,null,null,null,null,null,24,24,null,null,"●","●","●",null,null,null,null,null,24,24,24]
[null,null,"Intel® Xeon® Gold 6242 CPU_16C",24,null,null,null,24,24,null,null,null,null,null,null,24,24,null,null,"●","●","●","●",24,null,null,null,24,24,24]
[null,null,"Intel® Xeon® Gold 6244 CPU_8C",null,null,null,null,24,null,null,null,null,null,null,null,24,null,null,null,24,24,24,24,null,null,null,null,24,24]
[null,null,"Intel Xeon Platinum 8164_26C",24,null,null,null,24,24,null,null,null,null,null,null,24,24,null,null,"●","●","●","●",24,24,null,null,24,24,24,24]
[null,null,"Intel Xeon Platinum 8160_24C",24,null,null,null,24,24,null,null,null,null,null,null,24,24,null,null,"●","●","●","●",24,24,null,null,24,24,24,24]
[null,null,"Intel Xeon Gold 6148_20C",24,null,null,null,24,24,null,null,null,null,null,null,24,24,null,null,"●","●","●","●",24,24,null,null,24,24,24,24]
[null,null,"Intel Xeon Gold 6136_12C",24,null,null,null,24,24,null,null,null,null,null,null,24,24,null,null,"●","●","●","●",24,24,null,null,24,24,24,24]
[null,null,"Intel Xeon  Gold 6144_8C",24,null,null,null,24,24,null,null,null,null,null,null,24,24,null,null,24,24,24,24,24,24,null,null,24,24,24,24]
[null,null,"Intel Xeon Platinum 8158_12C",24,null,null,null,24,24,null,null,null,null,null,null,24,24,null,null,"●","●","●","●",24,24,null,null,24,24,24,24]
[null,null,"Intel Xeon Gold 6142_16C",24,null,null,null,24,24,null,null,null,null,null,null,24,24,null,null,"●","●","●","●",24,24,null,null,24,24,24,24]
[null,"140 W","Intel Xeon Gold 6132_14C",24,24,null,null,24,24,null,null,24,null,null,null,24,24,24,24,"●","●","●","●",24,24,24,null,"●",24,24,24]
[null,null,"Intel Xeon Gold 6152_22C",24,24,null,null,24,24,null,null,24,null,null,null,24,24,24,24,"●","●","●","●",24,24,24,null,"●",24,24,24]
[null,null,"Intel Xeon Gold 6140_18C",24,24,null,null,24,24,null,null,24,null,null,null,24,24,24,24,"●","●","●","●",24,24,24,null,"●",24,24,24]
[null,"135 W","Intel Xeon Gold 6138F_20C",24,24,null,null,24,24,null,null,24,null,null,null,"●",24,24,24,"●","●","●","●",24,24,24,null,"●",24,24,24]
[null,null,"Intel Xeon Gold 6130F_16C",24,24,null,null,24,24,null,null,24,null,null,null,"●",24,24,24,"●","●","●","●",24,24,24,null,"●",24,24,24]
[null,null,"Intel Xeon Gold 6126F_12C",24,24,null,null,24,24,null,null,24,null,null,null,"●",24,24,24,"●","●","●","●",24,24,24,null,"●",24,24,24]
[null,"130 W","Intel Xeon Gold 6134_8C","●",24,null,null,"●",24,null,null,24,null,null,null,"●",24,24,24,"●","●","●","●",24,24,24,null,"●",24,24,24]
[null,"125 W","Intel® Xeon® Gold 6230 CPU_20C","●",24,null,null,"●",24,null,null,24,null,null,null,"●",24,24,24,"●","●","●","●","●",24,24,null,"●","●",24,24]
[null,null,"Intel® Xeon® Gold 5220 CPU _18C","●",24,null,null,"●",24,null,null,24,null,null,null,"●",24,24,24,null,null,null,null,"●",24,24,null,"●","●",24,24]
[null,null,"Intel® Xeon® Gold 5218 CPU_16C","●",24,null,null,"●",24,null,null,24,null,null,null,"●",24,24,24,"●","●","●","●","●",24,24,null,"●","●",24,24]
[null,null,"Intel® Xeon® Platinum 8253 CPU_16C","●",24,null,null,"●",24,null,null,24,null,null,null,"●",24,24,24,"●","●","●","●","●",24,24,null,"●","●",24,24]
[null,null,"Intel Xeon Gold 6138_20C","●",24,null,null,"●",24,null,null,24,null,null,null,"●",24,24,24,"●","●","●","●","●",24,24,24,"●","●",24,24]
[null,null,"Intel Xeon Gold 6130_16C","●",24,null,null,"●",24,null,null,24,null,null,null,"●",24,24,24,"●","●","●","●","●",24,24,24,"●","●",24,24]
[null,null,"Intel Xeon Platinum 8153_16C","●",24,null,null,"●",24,null,null,24,null,null,null,"●",24,24,24,"●","●","●","●","●",24,24,24,"●","●",24,24]
[null,null,"Intel Xeon Gold 6126_12C","●",24,null,null,"●",24,null,null,24,null,null,null,"●",24,24,24,"●","●","●","●","●",24,24,24,"●","●",24,24]
[null,"115 W","Intel Xeon Gold 6128_6C","●",24,null,null,"●",24,null,null,24,null,null,null,"●","●",24,24,"●","●","●","●","●",24,24,24,"●","●",24,24]
[null,"113 W","Intel Xeon Gold 5117F_14C","●",24,null,null,"●",24,null,null,24,24,null,null,"●","●",24,24,"●","●","●","●","●",24,24,24,"●","●",24,24]
[null,"105 W","Intel Xeon Gold 5122_4C","●","●",null,null,"●","●",null,null,"●",24,null,null,"●","●",24,24,"●","●","●","●","●",24,24,24,"●","●","●",24]
[null,null,"Intel Xeon Platinum 8156_4C","●","●",null,null,"●","●",null,null,"●",24,null,null,"●","●",24,24,"●","●","●","●","●","●",24,24,"●","●","●",24]
[null,null,"Intel Xeon Gold 5120_14C","●",3,null,null,"●","●",null,null,"●",24,null,null,"●","●",24,24,"●","●","●","●","●","●",24,24,"●","●","●",24]
[null,null,"Intel Xeon Gold 5118_12C","●",3,null,null,"●","●",null,null,"●",24,null,null,"●","●",24,24,"●","●","●","●","●","●",24,24,"●","●","●",24]
[null,"85 W","Intel® Xeon® Gold 5215 CPU_10C","●","●",null,null,"●","●",null,null,"●","●",null,null,"●","●","●","●","●","●","●","●","●","●","●","\nGap, Max Tj, % Pass, Acoustic %, throttle %, Max Power Gap, Excursion Spec\n6.2, 92.5, 54.35, 0, 31.29, 11.03, Pass","●","●","●","●"]
[null,null,"Intel Xeon Gold 5115_10C","●","●",null,null,"●","●",null,null,"●","●",null,null,"●","●","●","●","●","●","●","●","●","●","●",24,"●","●","●","●"]
[null,null,"Intel Xeon Silver 4116_12C","●","●",null,null,"●","●",null,null,"●","●",null,null,"●","●","●","●","●","●","●","●","●","●","●",24,"●","●","●","●"]
[null,null,"Intel Xeon Silver 4114_10C","●","●",null,null,"●","●",null,null,"●","●",null,null,"●","●","●","●","●","●","●","●","●","●","●",24,"●","●","●","●"]
[null,null,"Intel Xeon Silver 4110_8C","●","●",null,null,"●","●",null,null,"●","●",null,null,"●","●","●","●","●","●","●","●","●","●","●",24,"●","●","●","●"]
[null,null,"Intel Xeon Silver 4108 _8C","●","●",null,null,"●","●",null,null,"●","●",null,null,"●","●","●","●","●","●","●","●","●","●","●",24,"●","●","●","●"]
[null,null,"Intel Xeon Bronze 3106 _8C","●","●",null,null,"●","●",null,null,"●","●",null,null,"●","●","●","●","●","●","●","●","●","●","●",24,"●","●","●","●"]
[null,null,"Intel Xeon Bronze 3104_6C","●","●",null,null,"●","●",null,null,"●","●",null,null,"●","●","●","●","●","●","●","●","●","●","●",24,"●","●","●","●"]
[null,null,"Intel Xeon Silver 4112_4C","●","●",null,null,"●","●",null,null,"●","●",null,null,"●","●","●","●","●","●","●","●","●","●","●",24,"●","●","●","●"]
["Memory Type \n",null,"AEP SDP 128 GB","●",3,null,null,"●",3,null,null,"●",3,null,null,"●","●",3,3,"●","●","●",3,"●","●",3,3,"●","●",3,3]
[null,null,"AEP DDQ 256 GB","●",3,null,null,"●",3,null,null,"●",3,null,null,"●","●",3,3,"●","●","●",3,"●","●",3,3,"●","●",3,3]
[null,null,"AEP QDP 512 GB","●",3,null,null,"●",3,null,null,"●",3,null,null,"●",3,3,3,"●","●",3,3,"●",3,3,3,"●",3,3,3]
[null,null,"RDIMM-2Rx8,1Rx4","●","●",null,null,"●","●",null,null,"●","●",null,null,"●","●","●","●","●","●","●","●","●","●","●","●","●","●","●","●"]
[null,null,"RDIMM-DRx4","●","●",null,null,"●","●",null,null,"●","●",null,null,"●","●","●","●","●","●","●","●","●","●","●","●","●","●","●","●"]
[null,null,"LRDIMM-QRx4 DDP",3,3,null,null,3,3,null,null,3,3,null,null,"●",3,3,3,"●","●",3,3,"●",3,3,3,"●","●",3,3]
["Add-in Cards     (See note 5)",null,"Riser #1 - Bottom Slot (1U riser and 2U riser)","●","●",null,null,"●","●",null,null,"●","●",null,null,"●","●","●","●","●","●","●","●","●","●",5,5,"●","●",5,5]
[null,null,"Riser #1 - Middle Slot (2U riser)","●",5,null,null,"●",5,null,null,"●",5,null,null,"●",5,5,5,"●","●","●","●"]
[null,null,"Riser #1 - Top Slot (2U riser)","●",5,null,null,"●",5,null,null,"●",5,null,null,"●",5,5,5,"●","●","●","●",5,5,5,5,5,5,5,5]
[null,null,"Riser #2 - Bottom Slot (1U riser and 2U riser)","●","●",null,null,"●","●",null,null,"●","●",null,null,"●","●","●","●","●","●","●","●","●","●","●","●","●","●","●","●"]
[null,null,"Riser #2 - Middle Slot (2U riser)","●",5,null,null,"●",5,null,null,"●",5,null,null,"●",5,5,5,"●","●","●","●"]
[null,null,"Riser #2 - Top Slot (2U riser)","●",5,null,null,"●",5,null,null,"●",5,null,null,"●",5,5,5,"●","●","●","●",5,5,5,5,5,5,5,5]
["3rd PCI Riser",null,"Riser #3 - Bottom Slot","●",5,null,null,"●",5,null,null,"●",5,null,null,"●",5,5,5,"●","●","●",5,5,5,5,5,5,5,5,5]
[null,null,"Riser #3 - Top Slot","●",5,null,null,"●",5,null,null,"●",5,null,null,"●",5,5,5,"●","●","●",5,5,5,5,5,5,5,5,5]
["SAS and OCP Modules (See Note 4)",null,"Intel® Integrated RAID Modules (Mezzanine cards)","●","●",null,null,"●","●",null,null,"●","●",null,null,"●","●","●","●","●","●","●","●","●","●","●","●","●","●","●","●"]
[null,null,"16 port tri mode mezzanine","●",4,null,null,"●",4,null,null,"●",4,null,null,"●","●","●","●","●","●","●","●","●","●",null,null,"●","●"]
[null,null,"IFT carrier AIC",27,27,null,null,27,27,null,null,27,27,null,null,27,27,27,27,27,27,27,27,27,27,27,27,27,27,27,27]
[null,null,"IFT carrier Mezzanine",27,27,null,null,27,27,null,null,27,27,null,null,27,27,27,27,27,27,27,27,27,27,27,27,27,27,27,27]
[null,null,"Dual 10GBase-T Taylor Canal","●","●",null,null,"●","●",null,null,"●","●",null,null,"●","●","●","●","●","●","●","●","●","●","●","●","●","●","●","●"]
[null,null,"Dual SFP+ Cascade Canal","●","●",null,null,"●","●",null,null,"●","●",null,null,"●","●","●","●","●","●","●","●","●","●",27,27,"●","●",27,27]
[null,null,"Quad SFP+ Cascade Canal","●","●",null,null,"●","●",null,null,"●","●",null,null,"●","●","●","●","●","●","●","●","●","●",27,27,"●","●",27,27]
[null,null,"1GBase-T Quad Main Canal","●","●",null,null,"●","●",null,null,"●","●",null,null,"●","●","●","●","●","●","●","●","●","●","●","●","●","●","●","●"]
["Battery Backup (See note 9)",null,"BBU (rated to 45C)",null,null,null,null,"●",null,null,null,"●",null,null,null,"●","●","●","●","●","●","●","●","●","●",null,null,"●","●"]
[null,null,"Supercap (rated to 55C)","●","●",null,null,"●","●",null,null,"●","●",null,null,"●","●","●","●","●","●","●","●","●","●",null,null,"●","●"]
[null,null,"Cache Offload Module (rated to 55C)","●","●",null,null,"●","●",null,null,"●","●",null,null,"●","●","●","●","●","●","●","●","●","●",null,null,"●","●"]
["Internal SSD ",null,"Rated to 60C",null,null,null,null,"●",null,null,null,"●",null,null,null,"●",null,null,null,"●","●","●","●","●","●",null,null,"●","●"]
[null,null,"Rated to 70C","●","●",null,null,"●","●",null,null,"●","●",null,null,"●","●","●","●","●","●","●","●","●","●",null,null,"●","●"]
["Rear SSD",null,"Rated to 60C","●",null,null,null,"●",null,null,null,"●",null,null,null,"●","●","●","●","●","●","","","●","●",null,null,"●","●"]
[null,null,"Rated to 70C","●","●",null,null,"●","●",null,null,"●","●",null,null,"●","●","●","●","●","●","●","●","●","●",null,null,"●","●"]
["2.5\" SFF NVMe SSD\n(DC P3700/P3500) ( See note 17)\n",null,"1600GB/2TB",null,null,null,null,null,null,null,null,"●","●",null,null,"●","●","●","●","●","●","●","●",null,null,null,null,"●"]
[null,null,"800GB",null,null,null,null,null,null,null,null,"●","●",null,null,"●","●","●","●","●","●","●","●",null,null,null,null,"●",null,"●","●"]
[null,null,"600GB ",null,null,null,null,"●","●",null,null,"●","●",null,null,"●","●","●","●","●","●","●","●",null,null,null,null,"●","●","●","●"]
[null,null,"400GB",null,null,null,null,"●","●",null,null,"●","●",null,null,"●","●","●","●","●","●","●","●",null,null,null,null,"●","●","●","●"]
[null,null,"200GB",null,null,null,null,"●","●",null,null,"●","●",null,null,"●","●","●","●","●","●","●","●",null,null,null,null,"●","●","●","●"]
["SATA HDD",null,"Up to 2 TB","●","●",null,null,"●","●",null,null,"●","●",null,null,"●","●","●","●","●","●","●","●","●","●","●","●","●","●","●","●"]
["PCIe SSD AIC FF\n(DC P3700/P3500)\n(See note 8)",null,"1600GB/2TB",null,null,null,null,null,null,null,null,null,null,null,null,8,8,8,null,"●",8,8,null,null,null,null,null,8,8]
[null,null,"800GB",null,null,null,null,null,null,null,null,null,null,null,null,8,8,8,null,"●",8,8,null,null,null,null,null,8,8]
[null,null,"600GB","●",8,null,null,"●",8,null,null,"●",8,null,null,"●","●",8,8,"●","●",8,8,null,null,null,null,"●","●",8,8]
[null,null,"400GB","●",8,null,null,"●",8,null,null,"●",8,null,null,"●","●",8,8,"●","●",8,8,null,null,null,null,"●","●",8,8]
[null,null,"200GB","●","●",null,null,"●","●",null,null,"●","●",null,null,"●","●","●","●","●","●","●","●",null,null,null,null,"●","●",8,8]
["Intel® Xeon Phi™ \n(See Note 7, 10 )\n",null,"Active Cooling up to 300W","","",null,null,null,"",null,null,null,"",null,null,7,7,null,null,"●","●"]
[null,null,"Active Cooling up to 225W","","",null,null,null,"",null,null,null,"",null,null,7,7,7,7,"●","●","●","●"]
[null,null,"Intel® Xeon Phi™ w/Passive Cooling up to 225W",null,null,null,null,null,null,null,null,null,null,null,null,null,null,null,null,null,null,null,null,7,7,7,7,7,7,7,7]
[null,null,"Intel® Xeon Phi™ w/Passive Cooling up to 245W",null,null,null,null,null,null,null,null,null,null,null,null,null,null,null,null,null,null,null,null,7,7,7,7,7,7,7,7]
[null,null,"Intel® Xeon Phi™ w/Passive Cooling up to 300W",null,null,null,null,null,null,null,null,null,null,null,null,null,null,null,null,null,null,null,null,7,7,7,7,7,7,7,7]
["M.2 Sustainted Max Power (TDP)",null,"Intel 120G and 80G SATA",14,14,null,null,14,14,null,null,14,14,null,null,14,14,14,14,"●",14,14,14,14,14,14,14,14,14,14,14]
[null,null,"non-Intel M.2",16,16,null,null,16,16,null,null,16,16,null,null,16,16,16,16,16,16,16,16,16,16,16,16,16,16,16,16]
["M.2 Light Workload [ See note 15]",null,"Intel 120G and 80G SATA",14,14,null,null,14,14,null,null,14,14,null,null,14,14,14,14,"●",14,14,14,14,14,14,14,14,14,14,14]
[null,null,"non-Intel M.2",16,16,null,null,16,16,null,null,16,16,null,null,16,16,16,16,16,16,16,16,16,16,16,16,16,16,16,16]

{"sheet":"Summary","index":4,"n_rows":34,"n_cols":9,"rows_kept":34,"cut":false,"hidden":false,"merged":[[0,1,0,3]]}
["Power Budget",{"$f":"CONCATENATE(INDEX(Chassis!$L$3:$L$14,'Intel Chassis'!$B3),\" / \",INDEX(Serverboard!A$2:A$14,'Serverboard Config'!$B5) )","v":"(Select a Chassis) / (Select Serverboard)"}]
["Chassis/ Power Supply / Cooling:",{"$f":"INDEX(Chassis!A$3:A$14,'Intel Chassis'!$B3)","v":"(Select Chassis)"}]
["Serverboard:",{"$f":"INDEX(Serverboard!A$2:A$14,'Serverboard Config'!$B5)","v":"(Select Serverboard)"}]
["System Totals"," +12V (amps)","12VSB (amps)","Total System Watts "]
[{"$f":"CONCATENATE(\"Processors - Qty \",'Serverboard Config'!C4, \":\")","v":"Processors - Qty 1:"},{"$f":"SUM('Serverboard Config'!F3)","v":0},{"$f":"SUM('Serverboard Config'!G3)","v":0},{"$f":"SUM('Serverboard Config'!H3)","v":0}]
[{"$f":"CONCATENATE(\"Modules + PCI Cards - Qty \",('Serverboard Config'!B10>1) + ('Serverboard Config'!B11>1) + ('Serverboard Config'!B12>1) + ('Serverboard Config'!B13>1) +('Serverboard Config'!B14>1)+('Serverboard Config'!B15>1)+('Serverboard Config'!B16>1)+('Serverboard Config'!B17>1)+('Serverboard Config'!B20>1)+('Serverboard Config'!B21>1),\":\")","v":"Modules + PCI Cards - Qty 0:"},{"$f":"SUM('Serverboard Config'!F10:F21)","v":0},{"$f":"SUM('Serverboard Config'!G10:G21)","v":0},{"$f":"SUM('Serverboard Config'!H10:H21)","v":0}]
[{"$f":"CONCATENATE(\"HDD/SSD - Qty \",'Intel Chassis'!C4+'Intel Chassis'!C5+'Intel Chassis'!C6,\":\")","v":"HDD/SSD - Qty 0:"},{"$f":"SUM('Intel Chassis'!G4:G6)","v":0},0,{"$f":"SUM('Intel Chassis'!I4:I6)","v":0}]
["Serverboard & Memory:",{"$f":"SUM('Serverboard Config'!F5:F8)","v":0},{"$f":"SUM('Serverboard Config'!G5:G6)","v":0},{"$f":"SUM('Serverboard Config'!H5:H8)","v":0}]
["Chassis & Peripherals:",{"$f":"_Sys12 - B7","v":0},{"$f":"'Intel Chassis'!H15","v":0},{"$f":"3.3*Sys3.3+5*_Sys5+ 12*_Sys12-D7","v":0}]
["System Totals:",{"$f":"SUM(B5:B9)","v":0},{"$f":"SUM(C5:C9)","v":0},{"$f":"SUM(D5:D9)","v":0}]
[{"$f":"TEXT(INDEX(Summary!H19:H22,Summary!B19),\"###\") & TEXT(INDEX(Summary!I19:I22,Summary!B19),\"###\") &\" PS DC Output Limits:\"","v":"220VAC PS DC Output Limits:"},{"$f":"INDEX(Chassis!B$3:B$14,'Intel Chassis'!$B3)","v":0},{"$f":"INDEX(Chassis!C$3:C$14,'Intel Chassis'!$B3)","v":0},{"$f":"INDEX(Chassis!D$3:D$14,'Intel Chassis'!$B3)","v":0},"<-- These limits may change based on inlet voltage"]
["CLST Allowance",{"$f":"'Serverboard Config'!F26","v":0},null,{"$f":"'Serverboard Config'!H26","v":0}]
["Total System Limits",{"$f":"B12+PS1_12","v":0},{"$f":"C12+PS1_5VSB","v":0},{"$f":"D12+ps1CombLim","v":0}]
["Margins to Limit:",{"$f":"B13-B10","v":0},{"$f":"C13-C10","v":0},{"$f":"D13-PowerTotal","v":0},{"$f":"IF((OR(B14<0,C14<0)),\"<-- Limits Exceeded!\",\"<--System Margins\")","v":"<--System Margins"}]
["Negative margins show configuration exceeds a specified limit.",null,null,{"$f":"(D11-D10)/D11","v":{"$error":"#DIV/0!"}},"<-- % margin to PS rating"]
[]
[]
["AC inlet power estimate (below)"]
["Input Voltage:",1," (Volts)",null,null,null,null,220,"VAC"]
["Estimated  Inlet Power:",{"$f":"IF(INDEX(Chassis!$H$3:$K$14,'Intel Chassis'!$B3,B19)=\"na\",\"na\",PowerTotal/ (INDEX(Chassis!$H$3:$K$14,'Intel Chassis'!$B3,B19)+0.001))","v":0}," (Watts)","Calculation is blank if voltage does not match PS type",null,null,null,115,"VAC"]
["Estimated Inlet Current:",{"$f":"IF(B20=\"na\",\"na\",B20/ABS(INDEX(H19:H22,B19)))","v":0}," (Amps)","Calculation is blank if voltage does not match PS type",null,null,null,-48,"VDC"]
["Estimated Thermal Dissipation:",{"$f":"IF(B20=\"na\",\"na\",B20*3.41)","v":0}," (BTU/Hr)","Calculation is blank if voltage does not match PS type",null,null,null,-60,"VDC"]
["Note: Estimates are most accurate at max loading."]
[]
[]
["If your desired configuration exceeds the power supply limits, two power supplies are required.  The two power supplies will operate in a current sharing mode "]
["to deliver the additional power needed for your configuration.  Furthermore, the two power supplies may need to be sourced from separate AC circuits in order to not"]
["exceed maximum AC outlet current.  Exceeding maximum AC outlet current may cause a circuit breaker to trip."]
[]
["For A3/A4 individual PS selection "]
["     1) For dual power supply configuration, power budget must fit within single power supply rated load and be installed in dual configuration, or"]
["     2) For single power supply configuration, power budget must be sized with 30% margin to single power supply rated load."]
[]
[{"$f":"CONCATENATE(\"Revision: \",Revision!B1)","v":"Revision: 2"},{"$f":"Revision!A1","v":"2018-09-12"}]

{"sheet":"Intel Chassis","index":5,"n_rows":22,"n_cols":11,"rows_kept":22,"cut":false,"hidden":false,"merged":[]}
["Power Budget",{"$f":"CONCATENATE(INDEX(Chassis!$L$3:$L$14,B3), \" System Configuration\")","v":"(Select a Chassis) System Configuration"},null,null,null,null,null,null,null,null,"HSBP VRM Efficiency"]
["System Feature","Description","Qty",null,"+3.3V (amps)","+5V (amps)"," +12V (amps)","12V \nstby (amps)","Power\n(watts)",null,{"$f":"INDEX(Chassis!$G$3:$G$14,B3)","v":1}]
["Chassis:",1,null,null,null,null,{"$f":"INDEX(Chassis!$E$3:$E$14,B3)+IF(INDEX(Chassis!$F$3:$F$14,B3)=\"Y\",(INDEX(Processors!C2:C89,'Serverboard Config'!B3)*'Serverboard Config'!C4),0)","v":0},null,{"$f":"G3*12+H3*12","v":0}]
["1st HDD/SSD Type: ",1,0,null,null,{"$f":"INDEX(HardDrive!$C$2:$C$18,B4) *C4 * 1","v":0},{"$f":"(INDEX(HardDrive!$D$2:$D$18,B4)*C4+((F4*5)/12)/$K$2) *1","v":0},null,0,{"$f":"IF($C$4+$C$5+$C$6>(INDEX(HardDrive!$F$21:$F$34*$C$7,'Intel Chassis'!$B$7))+(INDEX(HardDrive!$F$21:$F$34*$C$8, $B$8))+(INDEX(HardDrive!$F21:$F$34*$C$9, $B$9)),\" <-- Max Supported HDD Count Exceeded!\",\" \")","v":" "}]
["2nd HDD/SSD Type: ",1,0,null,null,{"$f":"INDEX(HardDrive!$C$2:$C$18,B5) *C5 *1","v":0},{"$f":"(INDEX(HardDrive!$D$2:$D$18,B5) *C5+((F5*5)/12)/$K$2) *1","v":0},null,0,{"$f":"IF($C$4+$C$5+$C$6>(INDEX(HardDrive!$F$21:$F$34*$C$7,'Intel Chassis'!$B$7))+(INDEX(HardDrive!$F$21:$F$34*$C$8, $B$8))+(INDEX(HardDrive!$F22:$F$34*$C$9, $B$9)),\" <-- Max Supported HDD Count Exceeded!\",\" \")","v":" "}]
["3rd HDD/SSD Type: ",1,0,null,null,{"$f":"INDEX(HardDrive!$C$2:$C$18,B6) *C6 *1","v":0},{"$f":"(INDEX(HardDrive!$D$2:$D$18,B6) *C6+((F6*5)/12)/$K$2) *1","v":0},null,0,{"$f":"IF($C$4+$C$5+$C$6>(INDEX(HardDrive!$F$21:$F$34*$C$7,'Intel Chassis'!$B$7))+(INDEX(HardDrive!$F$21:$F$34*$C$8, $B$8))+(INDEX(HardDrive!$F23:$F$34*$C$9, $B$9)),\" <-- Max Supported HDD Count Exceeded!\",\" \")","v":" "}]
[" 1st Backplane Type: ",1,0,null,null,null,{"$f":"(INDEX(HardDrive!$D$21:$D$34,B7) *C7+((F7*5)/12)/$K$2) *1","v":0},null,0]
["2nd Backplane Type: ",1,0,null,null,null,{"$f":"(INDEX(HardDrive!$D$21:$D$34,B8) *C8+((F8*5)/12)/$K$2) *1","v":0},null,{"$f":"G8*12+H8*12","v":0}]
["Rear  Backplane: ",1,0,null,null,null,{"$f":"(INDEX(HardDrive!$B$37:$B$39,B9) *C9+((F9*5)/12)/$K$2) *1","v":0},null,{"$f":"G9*12+H9*12","v":0}]
["Midplane Expander: ",1,1,null,null,null,{"$f":"(INDEX(Peripherals!$D$17:$D$22,B10) *C10) *1","v":0},null,0]
["USB: ","Number of Devices (100mA/device)",0,null,null,{"$f":"0.1*C11","v":0},{"$f":"((F11*5)/12)/_5vVRM","v":0},null,0]
["USB 3.0: ","Number of Devices (150mA/device)",0,null,null,{"$f":"0.15*C12","v":0},{"$f":"((F12*5)/12)/_5vVRM","v":0},null,{"$f":"G12*12+H12*12","v":0}]
[null,null,0,null,null,null,null,{"$f":"(0.171*3.3)/12/_stbyVRM*C13","v":0},0]
["Slim-line Bay: ",1,1,null,null,{"$f":"INDEX(Peripherals!C$3:C$7,$B14) *C14","v":0},{"$f":"(INDEX(Peripherals!$D$3:$D$7,B14)*C14+((F14*5)/12)/_5vVRM) *1","v":0},null,0]
[null,null,null,null,{"$f":"SUM(E3:E14)","v":0},null,{"$f":"SUM(G3:G14)","v":0},{"$f":"SUM(H3:H14)","v":0},{"$f":"E15*3.3+F15*5+G15*12","v":0}]
[null,"SubTotal Chassis Power (Watts):",null,null,null,null,{"$f":"G15*12","v":0},{"$f":"H15*5","v":0},{"$f":"SUM(E16:G16)","v":0}]
[null,"Total System usage:",null,null,null,null,{"$f":"Summary!B10","v":0},{"$f":"Summary!C10","v":0},{"$f":"Summary!D10","v":0}]
[null,{"$f":"TEXT(INDEX(Summary!H19:H22,Summary!B19),\"###\") & TEXT(INDEX(Summary!I19:I22,Summary!B19),\"###\") &\" PS DC Output Limits:\"","v":"220VAC PS DC Output Limits:"},null,null,null,null,{"$f":"PS1_12","v":0},{"$f":"PS1_5VSB","v":0},{"$f":"ps1CombLim","v":0},"<-- These limits may change based on inlet voltage"]
[null,"CLST Allowance:",null,null,null,null,{"$f":"'Serverboard Config'!F26","v":0},null,{"$f":"'Serverboard Config'!H26","v":0}]
[null,"Total System Limits:",null,null,null,null,{"$f":"'Serverboard Config'!F27","v":0},{"$f":"H18","v":0},{"$f":"'Serverboard Config'!H27","v":0}]
[null,"Margins compared to Limits:",null,null,null,null,{"$f":"G20-G17","v":0},0,{"$f":"I20-I17","v":0},{"$f":"IF(OR(G21<0,H21<0,I21<0),\"<-- Limits Exceeded!\",\"<--System Margins\")","v":"<--System Margins"}]
[null,null,null,null,null,null,null,null,{"$f":"(I18-I17)/I18","v":{"$error":"#DIV/0!"}},"<-- % margin to PS rating"]

{"sheet":"Serverboard Config","index":6,"n_rows":36,"n_cols":24,"rows_kept":36,"cut":false,"hidden":false,"merged":[[0,1,0,7],[6,0,6,1]]}
["Power Budget",{"$f":"CONCATENATE(INDEX(Serverboard!A$2:A$14,$B5),\" Configuration\")","v":"(Select Serverboard) Configuration"},null,null,null,null,null,null,null,"CPU VRM Efficiency","Mem VR Efficiency","3.3v VRM Efficiency","5v VRM Efficiency","3.3 Stby VR Efficiency"]
["Serverboard Feature","Description","Qty","+3.3V (amps)","+5V (amps)"," +12V (amps)","12V \nstby (amps)","Power (watts)",null,{"$f":"INDEX(Serverboard!E$2:E$12,$B5)","v":1},{"$f":"INDEX(Serverboard!F$2:F$12,$B5)","v":1},{"$f":"INDEX(Serverboard!G$2:G$12,$B5)","v":1},{"$f":"INDEX(Serverboard!H$2:H$12,$B5)","v":1},{"$f":"INDEX(Serverboard!I$2:I$12,$B5)","v":1},"<--Hide these columns"]
["Processors:",1,null,null,null,{"$f":"C4*INDEX(Processors!B$2:B$89,$B3)/12/VRMefficiency*0.9","v":0},null,{"$f":"F3*12+E3*5","v":0}]
[null,"Quantity:",1]
["Serverboard:",1,null,null,null,{"$f":"INDEX(Serverboard!B$2:B$14,$B5) *1","v":0},{"$f":"INDEX(Serverboard!C$2:C$14,$B5) *1","v":0},{"$f":"INDEX(Serverboard!D$2:D$14,$B5) *1","v":0},null,null,null,null,null,null,null,null,"DCPMM Linked Cells"]
["Memory:",1,{"$f":"X12+1","v":1},null,null,{"$f":"IFERROR(IF(C6=1,0,(((HLOOKUP(INDEX(Memory!A32:A45,$C6),Memory!B5:N22,B6+2,FALSE))/12/_MemVR*0.9))+(X9/12)),\"0.00\")","v":0},null,{"$f":"D6*3.3+E6*5+F6*12+G6*12","v":0},{"$f":"IFERROR(IF(C6=1,\"\",IF(HLOOKUP(INDEX(Memory!A32:A45,$C6),Memory!B5:N22,B6+2,FALSE)=\"na\",\"<-- unsupported DIMM config\",\"\")),\" \")","v":""},null,null,null,null,null,null,null,"0","<-Dimm QTY"]
["                                                                                           Memory Frequency:                             "]
["Intel® DCPMM:",null,null,null,null,{"$f":"IFERROR((((Q6*Q8)/12)/K2)*0.9,0)","v":0},null,{"$f":"F8*12","v":0},{"$f":"IFERROR(IF(OR((S8<Q9),(S8+Q9>24)),\"<-- Unsupported Memory and DCPMM Configuration\",\" \"),\" \")","v":" "},null,null,null,null,null,null,null,"0","<-Dimm PWR",{"$f":"INDEX(Memory!A32:A45,$C6)","v":0}]
[null,"Selected Power (Watts):",null,null,null,null,null,null,null,null,null,null,null,null,null,null,{"$f":"VALUE(Q6)","v":0},null,null,null,null,null,null,{"$f":"X10*X11","v":0}]
["PCI Card #1:",1,null,{"$f":"INDEX(PCI!B$3:B$21,$B10)","v":0},{"$f":"INDEX(PCI!C$3:C$21,$B10)","v":0},{"$f":"INDEX(PCI!D$3:D$21,$B10)+((D10*3.3)/12)/$L$2+((E10*5)/12)/$M$2","v":0},{"$f":"((INDEX(PCI!$E$3:$E$21,$B10)*3.3)+(INDEX(PCI!$F$3:$F$21,$B10))*5)/12/_stbyVRM","v":0},{"$f":"F10*12+G10*12","v":0},null,null,null,null,null,null,null,null,null,null,null,null,null,null,null,"0"]
["PCI Card #2:",1,null,{"$f":"INDEX(PCI!B$3:B$21,$B11)","v":0},{"$f":"INDEX(PCI!C$3:C$21,$B11)","v":0},{"$f":"INDEX(PCI!D$3:D$21,$B11)+((D11*3.3)/12)/$L$2+((E11*5)/12)/$M$2","v":0},{"$f":"((INDEX(PCI!$E$3:$E$21,$B11)*3.3)+(INDEX(PCI!$F$3:$F$21,$B11))*5)/12/_stbyVRM","v":0},0,null,null,null,null,null,null,null,null,null,null,null,null,null,null,null,0.5]
["PCI Card #3:",1,null,{"$f":"INDEX(PCI!B$3:B$21,$B12)","v":0},{"$f":"INDEX(PCI!C$3:C$21,$B12)","v":0},{"$f":"INDEX(PCI!D$3:D$21,$B12)+((D12*3.3)/12)/$L$2+((E12*5)/12)/$M$2","v":0},{"$f":"((INDEX(PCI!$E$3:$E$21,$B12)*3.3)+(INDEX(PCI!$F$3:$F$21,$B12))*5)/12/_stbyVRM","v":0},0,null,null,null,null,null,null,null,null,null,null,null,null,null,null,null,0]
["PCI Card #4:",1,null,{"$f":"INDEX(PCI!B$3:B$21,$B13)","v":0},{"$f":"INDEX(PCI!C$3:C$21,$B13)","v":0},{"$f":"INDEX(PCI!D$3:D$21,$B13)+((D13*3.3)/12)/$L$2+((E13*5)/12)/$M$2","v":0},{"$f":"((INDEX(PCI!$E$3:$E$21,$B13)*3.3)+(INDEX(PCI!$F$3:$F$21,$B13))*5)/12/_stbyVRM","v":0},0]
["PCI Card #5:",1,null,{"$f":"INDEX(PCI!B$3:B$21,$B14)","v":0},{"$f":"INDEX(PCI!C$3:C$21,$B14)","v":0},{"$f":"INDEX(PCI!D$3:D$21,$B14)+((D14*3.3)/12)/$L$2+((E14*5)/12)/$M$2","v":0},{"$f":"((INDEX(PCI!$E$3:$E$21,$B14)*3.3)+(INDEX(PCI!$F$3:$F$21,$B14))*5)/12/_stbyVRM","v":0},0]
["PCI Card #6:",1,null,{"$f":"INDEX(PCI!B$3:B$21,$B15)","v":0},{"$f":"INDEX(PCI!C$3:C$21,$B15)","v":0},{"$f":"INDEX(PCI!D$3:D$21,$B15)+((D15*3.3)/12)/$L$2+((E15*5)/12)/$M$2","v":0},{"$f":"((INDEX(PCI!$E$3:$E$21,$B15)*3.3)+(INDEX(PCI!$F$3:$F$21,$B15))*5)/12/_stbyVRM","v":0},0]
["LP PCI Card #7:",1,null,{"$f":"INDEX(PCI!B$3:B$21,$B16)","v":0},{"$f":"INDEX(PCI!C$3:C$21,$B16)","v":0},{"$f":"INDEX(PCI!D$3:D$21,$B16)+((D16*3.3)/12)/$L$2+((E16*5)/12)/$M$2","v":0},{"$f":"((INDEX(PCI!$E$3:$E$21,$B16)*3.3)+(INDEX(PCI!$F$3:$F$21,$B16))*5)/12/_stbyVRM","v":0},{"$f":"F16*12+G16*12","v":0}]
["LP PCI Card #8:",1,null,{"$f":"INDEX(PCI!B$3:B$21,$B17)","v":0},{"$f":"INDEX(PCI!C$3:C$21,$B17)","v":0},{"$f":"INDEX(PCI!D$3:D$21,$B17)+((D17*3.3)/12)/$L$2+((E17*5)/12)/$M$2","v":0},{"$f":"((INDEX(PCI!$E$3:$E$21,$B17)*3.3)+(INDEX(PCI!$F$3:$F$21,$B17))*5)/12/_stbyVRM","v":0},0]
["M.2 SSD Slot 0:",1,null,{"$f":"INDEX(PCI!B$56:B$59,$B18)","v":0},{"$f":"E19","v":0},{"$f":"INDEX(PCI!D$56:D$59,$B18)+((D18*3.3)/12)/$L$2+((E18*5)/12)/$M$2","v":0},{"$f":"((INDEX(PCI!E56:E59,$B18)*3.3)+(INDEX(PCI!F56:F59,$B18))*5)/12/_stbyVRM","v":0},0]
["M.2 SSD Slot 1:",1,null,{"$f":"INDEX(PCI!B$56:B$59,$B19)","v":0},{"$f":"INDEX(PCI!C$56:C$59,$B19)","v":0},{"$f":"INDEX(PCI!D$56:D$59,$B19)+((D19*3.3)/12)/$L$2+((E19*5)/12)/$M$2","v":0},{"$f":"((INDEX(PCI!E56:E59,$B19)*3.3)+(INDEX(PCI!F56:F59,$B19))*5)/12/_stbyVRM","v":0},0]
["SAS Mezzanine:",1,null,{"$f":"INDEX(PCI!B$24:B$34,$B20)","v":0},{"$f":"INDEX(PCI!C$24:C$34,$B20)","v":0},{"$f":"INDEX(PCI!D$24:D$34,$B20)+((D20*3.3)/12)/$L$2+((E20*5)/12)/$M$2","v":0},{"$f":"((INDEX(PCI!E24:E34,$B20)*3.3)+(INDEX(PCI!F24:F34,$B20))*5)/12/_stbyVRM","v":0},0]
["OCP Module:",1,null,{"$f":"INDEX(PCI!B$45:B$53,$B21)","v":0},{"$f":"INDEX(PCI!C$45:C$53,$B21)","v":0},{"$f":"INDEX(PCI!D$45:D$53,$B21)+((D21*3.3)/12)/$L$2+((E21*5)/12)/$M$2","v":0},{"$f":"((INDEX(PCI!E45:E53,$B21)*3.3)+(INDEX(PCI!F45:F53,$B21))*5)/12/_stbyVRM","v":0},0]
[null,"SubTotals:",null,null,null,{"$f":"SUM(F3:F21)","v":0},{"$f":"SUM(G3:G21)","v":0},{"$f":"SUM(H3:H21)","v":0}]
[null,"SubTotal Serverboard Power (Watts):",null,null,null,{"$f":"(F22)*12","v":0},{"$f":"(G22)*5","v":0},{"$f":"SUM(D23:G23)","v":0}]
[null,"Total System usage:",null,null,null,{"$f":"Summary!B10","v":0},{"$f":"Summary!C10","v":0},{"$f":"Summary!D10","v":0}]
[null,{"$f":"TEXT(INDEX(Summary!H19:H22,Summary!B19),\"###\") & TEXT(INDEX(Summary!I19:I22,Summary!B19),\"###\") &\" PS DC Output Limits:\"","v":"220VAC PS DC Output Limits:"},null,null,null,{"$f":"PS1_12","v":0},{"$f":"PS1_5VSB","v":0},{"$f":"ps1CombLim","v":0},"<-- These limits may change based on inlet voltage"]
[null,"CLST Allowance:",null,null,null,{"$f":"F3*25%+F6*20%","v":0},null,{"$f":"H3*25%+H6*20%","v":0}]
[null,"Total System Limits:",null,null,null,{"$f":"F26+F25","v":0},{"$f":"G26+G25","v":0},{"$f":"H26+H25","v":0}]
[null,null,"Margin compared to Limits:",null,null,{"$f":"F27-F24","v":0},{"$f":"G27-G24","v":0},{"$f":"H27-H24","v":0},{"$f":"IF(OR(F28<0,G28<0,H28<0),\"<-- Limits Exceeded!\",\"<--System Margins\")","v":"<--System Margins"}]
[null,null,null,null,null,null,null,{"$f":"IFERROR((H25-H24)/H25,0)","v":0},"<-- % margin to PS rating"]
[]
[]
[null,null,null,null,null,null,null,null,null,null,null,null,null,null,null,null," "]
[]
[]
["CPU = 25% of TDP"]
["Memory = 10% Bandwidth"]

{"sheet":"Serverboard","index":7,"n_rows":12,"n_cols":10,"rows_kept":12,"cut":false,"hidden":true,"merged":[]}
["Serverboard",12,"12VSB","Watts","CPU VR\nEff%","Mem VR Eff%","5v VR\nEff%","3v VR\nEff%","Stby/Aux Eff%"]
["(Select Serverboard)",null,null,null,1,1,1,1,1]
["Intel® Server Board S2600WFT",4.7,0.19,{"$f":"B3*12+C3*12","v":58.680000000000007},0.88,0.88,0.85,0.9,0.87]
["Intel® Server Board S2600WFQ",4.7,0.19,{"$f":"B4*12+C4*12","v":58.680000000000007},0.88,0.88,0.85,0.9,0.87]
["Intel® Server Board S2600WF0",4.7,0.19,{"$f":"B5*12+C5*12","v":58.680000000000007},0.88,0.88,0.85,0.9,0.87]
["Intel® Server Board S2600WFS",4.7,0.19,58.680000000000007,0.88,0.88,0.85,0.9,0.87]
["Intel® Server Board S2600WFTF",4.7,0.19,{"$f":"B7*12+C7*12","v":58.680000000000007},0.88,0.88,0.85,0.9,0.87]
[null,null,null,0,0.8,0.8,0.8,0.8,0.8,"<-- Define Custom Numbers Here"]
[null,null,null,0,0.8,0.8,0.8,0.8,0.8,"<-- Define Custom Numbers Here"]
[null,null,null,0,0.8,0.8,0.8,0.8,0.8,"<-- Define Custom Numbers Here"]
[null,null,null,0,0.8,0.8,0.8,0.8,0.8,"<-- Define Custom Numbers Here"]
[null,null,null,0,0.8,0.8,0.8,0.8,0.8,"<-- Define Custom Numbers Here"]

{"sheet":"Chassis","index":8,"n_rows":19,"n_cols":21,"rows_kept":19,"cut":false,"hidden":false,"merged":[[0,1,0,2],[0,16,0,19],[0,12,0,15],[0,7,0,10]]}
["Chassis",null,null,"Total","Fans","HS Fan","HSBP ","PS Eff%",null,null,null,"Product Name","Total 12 DC Current (Amps)",null,null,null,"Total DC Ouput (Watts)"]
["Selection","12V","12VSB","Watts","12V","(Y/N)","VR Eff%","220VAC","115VAC","-48DCV","-60DCV",null,"220VAC","115VAC","-48DCV","-60DCV","220VAC","115VAC","-48DCV","-60DCV"]
["(Select Chassis)",null,null,null,null,null,1,1,1,1,1,"(Select a Chassis)"]
["R1XXX (1U 750W DC PSU)",{"$f":"INDEX(M4:P4,Summary!$B$19)","v":0},2.1,{"$f":"INDEX(Q4:T4,Summary!$B$19)","v":0},{"$f":"6*2.1","v":12.600000000000001},"N",0.9,null,null,0.9,0.9,"R1XXX",null,null,62,62,null,null,750,750]
["R1XXX (1U 1100W AC PSU)",{"$f":"INDEX(M5:P5,Summary!$B$19)","v":92},2.1,{"$f":"INDEX(Q5:T5,Summary!$B$19)","v":1100},{"$f":"6*2.1","v":12.600000000000001},"N",0.9,0.94,0.92,null,null,"R1XXX",92,75,null,null,1100,900]
["R1XXX (1U 1300W AC PSU)",{"$f":"INDEX(M6:P6,Summary!$B$19)","v":108},2.1,{"$f":"INDEX(Q6:T6,Summary!$B$19)","v":1300},{"$f":"6*2.1","v":12.600000000000001},"N",0.9,0.94,0.92,null,null,"R1XXX",108,62,null,null,1300,750]
["R2XXX (2U 750W DC PSU)",{"$f":"INDEX(M7:P7,Summary!$B$19)","v":0},2.1,{"$f":"INDEX(Q7:T7,Summary!$B$19)","v":0},{"$f":"6*1.6","v":9.6000000000000014},"Y",0.9,null,null,0.9,0.9,"R2XXX",null,null,62,62,null,null,750,750]
["R2XXX (2U 1100W AC PSU)",{"$f":"INDEX(M8:P8,Summary!$B$19)","v":92},2.1,{"$f":"INDEX(Q8:T8,Summary!$B$19)","v":1100},{"$f":"6*1.6","v":9.6000000000000014},"Y",0.9,0.94,0.92,null,null,"R2XXX",92,75,null,null,1100,900]
["R2XXX (2U 1300W AC PSU)",{"$f":"INDEX(M9:P9,Summary!$B$19)","v":108},2.1,{"$f":"INDEX(Q9:T9,Summary!$B$19)","v":1300},9.6000000000000014,"Y",0.9,0.96,0.92,null,null,"R2XXX",108,62,null,null,1300,750]
["User Definable",{"$f":"INDEX(M10:P10,Summary!$B$19)","v":0},null,{"$f":"INDEX(Q10:T10,Summary!$B$19)","v":0},null,"N",0.8,0.8,0.8,0.8,0.8,null,null,null,null,null,null,null,null,null,"<-- Define Custom Numbers Here"]
["User Definable",{"$f":"INDEX(M11:P11,Summary!$B$19)","v":0},null,{"$f":"INDEX(Q11:T11,Summary!$B$19)","v":0},null,"N",0.8,0.8,0.8,0.8,0.8,null,null,null,null,null,null,null,null,null,"<-- Define Custom Numbers Here"]
["User Definable",{"$f":"INDEX(M12:P12,Summary!$B$19)","v":0},null,{"$f":"INDEX(Q12:T12,Summary!$B$19)","v":0},null,"N",0.8,0.8,0.8,0.8,0.8,null,null,null,null,null,null,null,null,null,"<-- Define Custom Numbers Here"]
["User Definable",{"$f":"INDEX(M13:P13,Summary!$B$19)","v":0},null,{"$f":"INDEX(Q13:T13,Summary!$B$19)","v":0},null,"N",0.8,0.8,0.8,0.8,0.8,null,null,null,null,null,null,null,null,null,"<-- Define Custom Numbers Here"]
["User Definable",{"$f":"INDEX(M14:P14,Summary!$B$19)","v":0},null,{"$f":"INDEX(Q14:T14,Summary!$B$19)","v":0},null,"N",0.8,0.8,0.8,0.8,0.8,null,null,null,null,null,null,null,null,null,"<-- Define Custom Numbers Here"]
[]
[]
[]
["Note: HS Fan  (Y/N) determines if an Active Heatsink (Heatsink with Fan) in Intel® Boxed Processors is used (adds fan power to budget)"]
["Note: PS Eff is estimate @ typ voltage & 35% to 90% loading based on PS measurement data."]

{"sheet":"Processors","index":9,"n_rows":99,"n_cols":6,"rows_kept":99,"cut":false,"hidden":false,"merged":[]}
["Processor Types","TDP (W)","HS Fan (A)","Source",null,"VRM#1"]
["(Select Processor)",null,null,null,null,"5V VRM"]
["Intel® Xeon® Platinum 8280 CPU (205W)",205]
["Intel® Xeon® Platinum 8276 CPU (165W)",165]
["Intel® Xeon® Platinum 8270 CPU (205W)",205]
["Intel® Xeon® Platinum 8268 CPU (205W)",205]
["Intel® Xeon® Platinum 8260Y CPU (165W)",165]
["Intel® Xeon® Platinum 8260 CPU (165W)",165]
["Intel® Xeon® Platinum 8256 CPU (105W)",105]
["Intel® Xeon® Platinum 8253 CPU (125W)",125]
["Intel® Xeon® Gold 6262V CPU (135W)",135]
["Intel® Xeon® Gold 6254 CPU (200W)",200]
["Intel® Xeon® Gold 6252N CPU (150W)",150]
["Intel® Xeon® Gold 6252 CPU (150W)",150]
["Intel® Xeon® Gold 6248 CPU (150W)",150]
["Intel® Xeon® Gold 6244 CPU (150W)",150]
["Intel® Xeon® Gold 6242 CPU (150W)",150]
["Intel® Xeon® Gold 6240Y CPU (150W)",150]
["Intel® Xeon® Gold 6240 CPU (150W)",150]
["Intel® Xeon® Gold 6238T CPU (125W)",125]
["Intel® Xeon® Gold 6238 CPU (140W)",140]
["Intel® Xeon® Gold 6234 CPU (140W)",140]
["Intel® Xeon® Gold 6230N CPU (125W)",125]
["Intel® Xeon® Gold 6230T CPU (125W)",125]
["Intel® Xeon® Gold 6230 CPU (125W)",125]
["Intel® Xeon® Gold 6226 CPU (125W)",125]
["Intel® Xeon® Gold 6222V CPU (115W)",115]
["Intel® Xeon® Gold 6212U CPU (165W)",165]
["Intel® Xeon® Gold 6210U CPU (150W)",150]
["Intel® Xeon® Gold 6209U CPU (125W)",125]
["Intel® Xeon® Gold 5222 CPU (105W)",105]
["Intel® Xeon® Gold 5220S CPU (105W)",105]
["Intel® Xeon® Gold 5220T CPU (105W)",105]
["Intel® Xeon® Gold 5220 CPU (125W)",125]
["Intel® Xeon® Gold 5218N CPU (105W)",105]
["Intel® Xeon® Gold 5218 CPU (125W)",125]
["Intel® Xeon® Gold 5217 CPU (125W)",125]
["Intel® Xeon® Gold 5215 CPU (85W)",85]
["Intel® Xeon® Silver 4216 CPU (100W)",100]
["Intel® Xeon® Silver 4215 CPU (85W)",85]
["Intel® Xeon® Silver 4214Y CPU (105W)",105]
["Intel® Xeon® Silver 4214 CPU (85W)",85]
["Intel® Xeon® Silver 4210 CPU (85W)",85]
["Intel® Xeon® Silver 4209T CPU (70W)",70]
["Intel® Xeon® Silver 4208 CPU (85W)",85]
["Intel® Xeon® Bronze 3204 CPU (85W)",85]
["Intel® Xeon® Platinum 8180 CPU (205W)",205,null,null,"Update Cpu List per last Snapshot"]
["Intel® Xeon® Platinum 8168 CPU (205W)",205]
["Intel® Xeon® Gold 6154 CPU (200W)",200]
["Intel® Xeon® Gold 6146 CPU (165W)",165]
["Intel® Xeon® Gold 6144 CPU (155W)",155]
["Intel® Xeon® Platinum 8176 CPU (165W)",165]
["Intel® Xeon® Platinum 8170 CPU (165W)",165]
["Intel® Xeon® Gold 6150 CPU (165W)",165]
["Intel® Xeon® Platinum 8164 CPU (150W)",150]
["Intel® Xeon® Platinum 8160 CPU (150W)",150]
["Intel® Xeon® Gold 6148 CPU (150W)",150]
["Intel® Xeon® Gold 6142 CPU (150W)",150]
["Intel® Xeon® Gold 6136 CPU (150W)",150]
["Intel® Xeon® Platinum 8158 CPU (150W)",150]
["Intel® Xeon® Gold 6132 CPU (140W)",140]
["Intel® Xeon® Gold 6128 CPU (115W)",115]
["Intel® Xeon® Gold 6134 CPU (130W)",130]
["Intel® Xeon® Gold 5122 CPU (105W)",105]
["Intel® Xeon® Platinum 8156 CPU (105W)",105]
["Intel® Xeon® Gold 6152 CPU (140W)",140]
["Intel® Xeon® Gold 6140 CPU (140W)",140]
["Intel® Xeon® Gold 6138 CPU (125W)",125]
["Intel® Xeon® Gold 6130 CPU (125W)",125]
["Intel® Xeon® Platinum 8153 CPU (125W)",125]
["Intel® Xeon® Gold 6126 CPU (125W)",125]
["Intel® Xeon® Gold 5120 CPU (105W)",105]
["Intel® Xeon® Gold 5118 CPU (105W)",105]
["Intel® Xeon® Gold 5115 CPU   (85W)",85]
["Intel® Xeon® Silver 4116 CPU (85W)",85]
["Intel® Xeon® Silver 4114 CPU (85W)",85]
["Intel® Xeon® Silver 4110 CPU (85W)",85]
["Intel® Xeon® Silver 4108 CPU (85W)",85]
["Intel® Xeon® Bronze 3106 CPU (85W)",85]
["Intel® Xeon® Bronze 3104 CPU (85W)",85]
["Intel® Xeon® Silver 4112 CPU (85W)",85]
["Intel® Xeon® Platinum 8160H CPU (150W)",150]
["Intel® Xeon® Gold 6130H CPU (125W)",125]
["Intel® Xeon® Silver 4106H CPU (85W)",85]
[" "]
[" "]
[" "]
[]
[]
[]
[]
[]
["Processor Quantities (used for tool operation)"]
[1,1]
[2,2]
[3,3]
[4,4]
[]
["Note: HS Fan = Fan 12v current for Active Heatsink which ships with Intel® Boxed Processors"]

{"sheet":"Memory","index":10,"n_rows":45,"n_cols":29,"rows_kept":45,"cut":false,"hidden":false,"merged":[[3,1,3,13],[0,1,0,13],[4,17,4,19]]}
[null,"Watts of +12V"]
[]
[null,"1DPC","1DPC","1DPC","1DPC","1DPC","1DPC","1DPC","1&2DPC","1&2DPC","1&2DPC","1&2DPC","1&2DPC","2DPC"]
[null,"# of DIMMS",null,null,null,null,null,null,null,null,null,null,null,null,null,null,null,null,null,null,null,null,null,null,null,null,null,null,"Config"]
["Memory",1,2,4,6,8,10,12,14,16,18,20,22,24,null,null,null,"TDP",null,null,null,null,"CPU1","CPU2",null,"TOTAL"]
[]
["(Select Memory)",null,null,null,null,null,null,null,null,null,null,null,null,null,null,null,null,"1DPC","2DPC","3DPC",null,null,1,1,null,{"$f":"+W7+X7","v":2},null,null,"1DPC"]
["8GB DDR4 RDIMM (4Gb, SRx4)",{"$f":"$R8*B$5","v":5.67},{"$f":"$R8*C$5","v":11.34},22.68,34.019999999999996,45.36,56.7,68.039999999999992,{"$f":"($R8*($H$5-(I$5-$H$5)))+($S8*((I$5-$H$5)*2))","v":73.7},{"$f":"($R8*($H$5-(J$5-$H$5)))+($S8*((J$5-$H$5)*2))","v":79.36},85.02,90.68,96.34,102,null,null,null,5.67,4.25,null,null,null,2,2,null,4,null,null,"1DPC"]
["8GB DDR4 RDIMM (8Gb, SRx8)",3.66,7.32,14.64,21.96,29.28,36.6,43.92,47.56,51.2,54.84,58.480000000000004,62.120000000000005,65.760000000000005,null,null,null,3.66,2.74,null,null,null,3,3,null,6,null,null,"1DPC"]
["16GB DDR4 RDIMM (8Gb, SRx4)",5.35,10.7,21.4,32.099999999999994,42.8,53.5,64.199999999999989,67.739999999999995,71.28,74.819999999999993,78.36,81.900000000000006,85.44,null,null,null,5.35,3.56,null,null,null,4,4,null,8,null,null,"1DPC"]
["16GB DDR4 RDIMM (4Gb, DRx4)",6.18,12.36,24.72,37.08,49.44,61.8,74.16,80.319999999999993,86.47999999999999,92.64,98.8,104.96,111.12,null,null,null,6.18,4.63,null,null,null,5,5,null,10,null,null,"1DPC"]
["16GB DDR4 RDIMM (8Gb, DRx8)",3.9,7.8,15.6,23.4,31.2,39,46.8,50.68,54.56,58.44,62.32,66.2,70.08,null,null,null,3.9,2.92,null,null,null,6,6,null,12,null,null,"1DPC"]
["32GB DDR4 RDIMM (8Gb, DRx4)",6.49,12.98,25.96,38.94,51.92,64.900000000000006,77.88,86.54,95.2,103.86,112.52000000000001,121.18,129.84,null,null,null,6.49,5.41,null,null,null,7,7,null,{"$f":"+$P$58+W13+X13","v":14},null,null,"10 in 1DPC + 2 in 2DPC"]
["32GB DDR4 RDIMM (16Gb, SRx4)",6.07,12.14,24.28,36.42,48.56,60.7,72.84,76.78,80.72,84.66,88.6,92.539999999999992,96.47999999999999,null,null,null,6.07,4.0199999999999996,null,null,null,8,8,null,16,null,null,"8 in 1DPC + 4 in 2DPC"]
["64GB DDR4 LRDIMM (8Gb, QRx4)",10.52,21.04,42.08,63.12,84.16,105.19999999999999,126.24,136.44,146.63999999999999,156.84,167.04,177.23999999999998,187.44,null,null,null,10.52,7.81,null,null,null,9,9,null,18,null,null,"6 in 1DPC + 6 in 2DPC"]
["128GB DDR4 LRDIMM (8Gb, 8Rx4)",12.28,24.56,49.12,73.679999999999993,98.24,122.8,147.35999999999999,"N/A","N/A","N/A","N/A","N/A","N/A",null,null,null,12.28,9.2100000000000009,null,null,null,10,10,null,20,null,null,"4 in 1DPC + 8 in 2DPC "]
["User Definable",null,null,null,null,null,null,null,null,null,null,null,null,null,"<-- Define Custom Numbers Here",null,null,null,null,null,null,null,11,11,null,22,null,null,"2 in 1DPC + 20 in 2DPC"]
["User Definable",null,null,null,null,null,null,null,null,null,null,null,null,null,"<-- Define Custom Numbers Here",null,null,null,null,null,null,null,12,12,null,24,null,null,"24 in 2DPC"]
["User Definable",null,null,null,null,null,null,null,null,null,null,null,null,null,"<-- Define Custom Numbers Here"]
["User Definable",null,null,null,null,null,null,null,null,null,null,null,null,null,"<-- Define Custom Numbers Here"]
["User Definable",null,null,null,null,null,null,null,null,null,null,null,null,null,"<-- Define Custom Numbers Here"]
["User Definable",null,null,null,null,null,null,null,null,null,null,null,null,null,"<-- Define Custom Numbers Here"]
[]
[]
[]
["Note:"]
["DIMM power will vary depending on the # of DIMMs & the actual stress/bandwidth used."]
["DIMMs are assumed to be evenly distributed across available channels on a 4 channel motherboard."]
["Numbers assume fan control set to performance mode"]
[]
[]
[0]
[1]
[2]
[4]
[6]
[8]
[10]
[12]
[14]
[16]
[18]
[20]
[22]
[24]

{"sheet":"DCPMM","index":11,"n_rows":45,"n_cols":31,"rows_kept":45,"cut":false,"hidden":false,"merged":[[0,1,0,13],[3,1,3,13],[4,17,4,19]]}
[null,"Watts of +12V"]
[]
[null,"1DPC","1DPC","1DPC","1DPC","1DPC","1DPC","1DPC","1&2DPC","1&2DPC","1&2DPC","1&2DPC","1&2DPC","2DPC"]
[null,"# of DIMMS",null,null,null,null,null,null,null,null,null,null,null,null,null,null,null,null,null,null,null,null,null,null,null,null,null,null,"Config"]
["Memory",1,2,4,6,8,10,12,14,16,18,20,22,24,null,null,null,"TDP",null,null,null,null,"CPU1","CPU2",null,"TOTAL",null,null,null,null," "]
[]
["(Select DCPMM)",null,null,null,null,null,null,null,null,null,null,null,null,null,null,null,null,"1DPC","2DPC","3DPC",null,null,1,1,null,{"$f":"+W7+X7","v":2},null,null,"1DPC"]
["Intel® Optane™ DC Persistent Memory  (128 GB)",null,null,null,null,null,null,null,null,null,null,null,null,null,null,null,null,5.67,4.25,null,null,null,2,2,null,4,null,null,"1DPC"]
["Intel® Optane™ DC Persistent Memory  (256 GB)",null,null,null,null,null,null,null,null,null,null,null,null,null,null,null,null,3.66,2.74,null,null,null,3,3,null,6,null,null,"1DPC"]
["Intel® Optane™ DC Persistent Memory  (512 GB)",null,null,null,null,null,null,null,null,null,null,null,null,null,null,null,null,5.35,3.56,null,null,null,4,4,null,8,null,null,"1DPC"]
["User Definable",null,null,null,null,null,null,null,null,null,null,null,null,null,null,null,null,6.18,4.63,null,null,null,5,5,null,10,null,null,"1DPC"]
["User Definable",null,null,null,null,null,null,null,null,null,null,null,null,null,null,null,null,3.9,2.92,null,null,null,6,6,null,12,null,null,"1DPC"]
["User Definable",null,null,null,null,null,null,null,null,null,null,null,null,null,null,null,null,6.49,5.41,null,null,null,7,7,null,{"$f":"+$P$58+W13+X13","v":14},null,null,"10 in 1DPC + 2 in 2DPC"]
["User Definable",null,null,null,null,null,null,null,null,null,null,null,null,null,null,null,null,6.07,4.0199999999999996,null,null,null,8,8,null,16,null,null,"8 in 1DPC + 4 in 2DPC"]
["User Definable",null,null,null,null,null,null,null,null,null,null,null,null,null,null,null,null,10.52,7.81,null,null,null,9,9,null,18,null,null,"6 in 1DPC + 6 in 2DPC"]
["User Definable",null,null,null,null,null,null,null,null,null,null,null,null,null,null,null,null,12.28,9.2100000000000009,null,null,null,10,10,null,20,null,null,"4 in 1DPC + 8 in 2DPC "]
["User Definable",null,null,null,null,null,null,null,null,null,null,null,null,null,"<-- Define Custom Numbers Here",null,null,null,null,null,null,null,11,11,null,22,null,null,"2 in 1DPC + 20 in 2DPC"]
["User Definable",null,null,null,null,null,null,null,null,null,null,null,null,null,"<-- Define Custom Numbers Here",null,null,null,null,null,null,null,12,12,null,24,null,null,"24 in 2DPC"]
["User Definable",null,null,null,null,null,null,null,null,null,null,null,null,null,"<-- Define Custom Numbers Here"]
["User Definable",null,null,null,null,null,null,null,null,null,null,null,null,null,"<-- Define Custom Numbers Here"]
["User Definable",null,null,null,null,null,null,null,null,null,null,null,null,null,"<-- Define Custom Numbers Here"]
["User Definable",null,null,null,null,null,null,null,null,null,null,null,null,null,"<-- Define Custom Numbers Here"]
[]
[]
[]
["Note:"]
["DIMM power will vary depending on the # of DIMMs & the actual stress/bandwidth used."]
["DIMMs are assumed to be evenly distributed across available channels on a 4 channel motherboard."]
["Numbers assume fan control set to performance mode"]
[]
[]
[0]
[1]
[2]
[4]
[6]
[8]
[10]
[12]
[14]
[16]
[18]
[20]
[22]
[24]

{"sheet":"PCI","index":12,"n_rows":59,"n_cols":8,"rows_kept":59,"cut":false,"hidden":false,"merged":[]}
[null,"Amps of +3.3V","Amps of +5V","Amps of +12V","Amps of    3.3V Stby","Amps of    5V Stby","Watts"]
["PCI Add in Cards"]
["Slot Empty",null,null,null,null,null," "]
["PCIe (3V) Typical",3,null,null,null,null,{"$f":"B4*3.3+C4*5+D4*12+E4*3.3+F4*5","v":9.8999999999999986}]
["PCIe (3.3V / 12V) Typical",2,null,0.25,null,null,9.6]
["PCIe (3.3V / 12V) High",2,null,0.7,null,null,14.999999999999998]
["RS3DC080",0.79300000000000004,null,1.0900000000000001,1E-3,null,15.700200000000001]
["RES3FV288",null,null,1.04,null,null,12.48]
["AXXP3RTX16040",null,null,null,null,null,12.2]
["AXXP3SWX08040",null,null,1.542,null,null,18.5]
["AXXP3SWX08080",null,null,2.0750000000000002,null,null,24.9]
["Intel® Xeon Phi™ 7120P",1.3,null,24.64,null,null,299.97000000000003]
["Intel® Xeon Phi™ 7120A",1.3,null,24.64,null,null,{"$f":"B13*3.3+C13*5+D13*12+E13*3.3+F13*5","v":299.97000000000003},"<-- Define Custom Card Here"]
["AWF1PFABKITP",0.11,null,null,null,null,0.36299999999999999,"<-- Define Custom Card Here"]
["User Definable ",null,null,null,null,null,0,"<-- Define Custom Card Here"]
["User Definable ",null,null,null,null,null,0,"<-- Define Custom Card Here"]
["User Definable ",null,null,null,null,null,0,"<-- Define Custom Card Here"]
["User Definable ",null,null,null,null,null,0,"<-- Define Custom Card Here"]
["User Definable ",null,null,null,null,null,0,"<-- Define Custom Card Here"]
["User Definable ",null,null,null,null,null,0,"<-- Define Custom Card Here"]
["User Definable ",null,null,null,null,null,0,"<-- Define Custom Card Here"]
[]
["SAS ROC/IOC"]
["Slot Empty",null,null,null,null,null," "]
["RMS3JC080",null,null,1.59,1E-3,null,{"$f":"B25*3.3+C25*5+D25*12+E25*3.3+F25*5","v":19.083300000000001}]
["RMS3HC080",0.79300000000000004,null,0.91500000000000004,1E-3,null,13.600199999999999]
["RMS3CC080",0.79300000000000004,null,1.0900000000000001,1E-3,null,{"$f":"B27*3.3+C27*5+D27*12+E27*3.3+F27*5","v":15.700200000000001}]
["RMS3VC160",null,null,2,0.01,null,{"$f":"B28*3.3+C28*5+D28*12+E28*3.3+F28*5","v":24.033000000000001}]
["RMS3AC160",null,null,2,0.01,null,24.033000000000001]
["RMSP3JD160J",0.39,null,0.81830000000000003,8.9999999999999993E-3,null,11.1363]
["RMSP3HD080E",0.40300000000000002,null,0.81830000000000003,8.9999999999999993E-3,null,11.179200000000002]
["RMSP3AD160",0.40300000000000002,null,0.81830000000000003,8.9999999999999993E-3,null,11.179200000000002]
["User Definable ",null,null,null,null,null,{"$f":"B33*3.3+C33*5+D33*12+E33*3.3+F33*5","v":0},"<-- Define Custom Card Here"]
["User Definable ",null,null,null,null,null,0,"<-- Define Custom Card Here"]
[]
["Backup Battery"]
["Slot Empty",null,null,null,null,null," "]
["RMFBU2",null,null,0.5,3.0000000000000001E-3,null,{"$f":"B38*3.3+C38*5+D38*12+E38*3.3+F38*5","v":6.0099}]
["RMFBU3",null,null,0.23,3.0000000000000001E-3,null,2.7699000000000003]
["RMFBU5",null,null,0.23,3.0000000000000001E-3,null,2.7699000000000003]
["User Definable ",null,null,null,null,null,0,"<-- Define Custom Card Here"]
["User Definable ",null,null,null,null,null,0,"<-- Define Custom Card Here"]
[]
["IO Module"]
["Slot Empty",null,null,null,null,null," "]
["OCP X527-DA2",null,null,0.3,null,null,{"$f":"B46*3.3+C46*5+D46*12+E46*3.3+F46*5","v":3.5999999999999996}]
["OCP X527-DA4",null,null,0.69,null,null,8.2799999999999994]
["OCTX557-T2",null,null,0.83,null,null,9.9599999999999991]
["OCP I357-T4",null,null,0.33100000000000002,null,null,3.9720000000000004]
["AWF1PFABKITM",0.11,null,null,null,null,0.36299999999999999]
["User Definable ",null,null,null,null,null,0,"<-- Define Custom Card Here"]
["User Definable ",null,null,null,null,null,0,"<-- Define Custom Card Here"]
["User Definable ",null,null,null,null,null,0,"<-- Define Custom Card Here"]
[]
["M.2 SSD"]
["Slot Empty",null,null,null,null,null," "]
["Generic SATA M.2",0.75,null,null,0.08,null,{"$f":"B57*3.3+C57*5+D57*12+E57*3.3+F57*5","v":2.7389999999999999}]
["Generic PCIe M.2",0.75,null,null,0.15,null,2.9699999999999998]
["User Definable ",null,null,null,null,null,0,"<-- Define Custom Card Here"]

{"sheet":"HardDrive","index":13,"n_rows":39,"n_cols":7,"rows_kept":39,"cut":false,"hidden":false,"merged":[]}
["Hard Drives","Amps of +3.3V","Amps of +5V","Amps of +12V","Watts"]
["Empty"]
["3.5\" SATA Typical Power (12W)",null,0.44,0.78,{"$f":"B3*3.3+C3*5+D3*12","v":11.559999999999999}]
["3.5\" SAS Typical Power (12W)",null,0.6,0.76,{"$f":"B4*3.3+C4*5+D4*12","v":12.120000000000001}]
["2.5\" SATA Typical Power (5W)",null,1,0,5]
["2.5\" SAS Typical Power (9W)",null,0.81,0.41,8.9700000000000006]
["Intel® SSD DC Typical Power (3.5W)",null,0.22,0.2,{"$f":"B7*3.3+C7*5+D7*12","v":3.5000000000000004}]
["Intel® SSD DC Typical Power (7W)",null,0.9,0.2,6.9]
["3.5\" SAS Power (9.5W)",null,0.44,0.61,{"$f":"B9*3.3+C9*5+D9*12","v":9.52}]
["3.5\" SATA Power (10.7W)",null,0.32,0.76,10.72]
["2.5\" SAS Power(7.8W)",null,0.44,0.47,7.84]
["2.5\" SAS Power(14W)",null,0,{"$f":"14/12","v":1.1666666666666667},14]
["User Definable",null,null,null,0,null,"<-- Define Custom Device Here"]
["User Definable",null,null,null,0,null,"<-- Define Custom Device Here"]
["User Definable",null,null,null,0,null,"<-- Define Custom Device Here"]
["User Definable",null,null,null,0,null,"<-- Define Custom Device Here"]
["User Definable",null,null,null,0,null,"<-- Define Custom Device Here"]
["User Definable",null,null,null,0,null,"<-- Define Custom Device Here"]
[]
["HSBP","Amps of +3.3V","Amps of +5V","Amps of +12V","Watts","# of HDD"]
["Empty"]
["1U 4x3.5\" HSBP 12G",null,null,0.17,{"$f":"B22*3.3+C22*5+D22*12","v":2.04},4]
["1U Combo 8x2.5\" HSBP",null,null,0.24,2.88,8]
["2U Combo 8x2.5\" HSBP",null,null,0.13500000000000001,{"$f":"B24*3.3+C24*5+D24*12","v":1.62},8]
["2U 8x2.5\" HSBP Dual Channel 12G",null,null,0.12,{"$f":"B25*3.3+C25*5+D25*12","v":1.44},8]
["2U 8x3.5\" HSBP 12G",null,null,0.25,3,8]
["2U 12x3.5\" HSBP 12G + 2NVMe",null,null,0.32,3.84,12]
["User Definable",null,null,null,0,null,"<-- Define Custom Device Here"]
["User Definable",null,null,null,0,null,"<-- Define Custom Device Here"]
["User Definable",null,null,null,0,null,"<-- Define Custom Device Here"]
["User Definable",null,null,null,0,null,"<-- Define Custom Device Here"]
["User Definable",null,null,null,0,null,"<-- Define Custom Device Here"]
["User Definable",null,null,null,0,null,"<-- Define Custom Device Here"]
["User Definable",null,null,null,0,null,"<-- Define Custom Device Here"]
[]
["Rear HSBP","Amps of +3.3V","Amps of +5V","Amps of +12V","Watts","# of HDD"]
["Empty"]
["2U 2x2.5\" Rear HSBP",0.12,null,null,{"$f":"B38*3.3+C38*5+D38*12","v":0.39599999999999996},2]
["User Definable",null,null,null,0,null,"<-- Define Custom Device Here"]

{"sheet":"Peripherals","index":14,"n_rows":22,"n_cols":7,"rows_kept":22,"cut":false,"hidden":false,"merged":[]}
["Misc Peripherals","Amps of +3.3V","Amps of +5V","Amps of +12V","Amps of 3VSB","Watts"]
["Slim-Line Devices"]
["Empty"]
["User Definable",null,null,null,null,{"$f":"B4*3.3+C4*5+D4*12++E4*3.3","v":0},"<-- Define Custom Peripherals Here"]
["User Definable",null,null,null,null,0,"<-- Define Custom Peripherals Here"]
["User Definable",null,null,null,null,0,"<-- Define Custom Peripherals Here"]
["User Definable",null,null,null,null,0,"<-- Define Custom Peripherals Here"]
[]
["SSD Drives"]
["Empty"]
["User Definable",null,null,null,null,{"$f":"B11*3.3+C11*5+D11*12++E11*3.3","v":0},"<-- Define Custom Peripherals Here"]
["User Definable",null,null,null,null,0,"<-- Define Custom Peripherals Here"]
["User Definable",null,null,null,null,0,"<-- Define Custom Peripherals Here"]
["User Definable",null,null,null,null,0,"<-- Define Custom Peripherals Here"]
[]
["Midplane SAS Expanders"]
["Empty"]
["RES3TV360",null,null,1.04,null,{"$f":"B18*3.3+C18*5+D18*12++E18*3.3","v":12.48}]
["User Definable",null,null,null,null,0,"<-- Define Custom Peripherals Here"]
["User Definable",null,null,null,null,0,"<-- Define Custom Peripherals Here"]
["User Definable",null,null,null,null,0,"<-- Define Custom Peripherals Here"]
["User Definable",null,null,null,null,0,"<-- Define Custom Peripherals Here"]

{"sheet":"Revision","index":15,"n_rows":12,"n_cols":4,"rows_kept":12,"cut":false,"hidden":false,"merged":[]}
[{"$f":"LARGE(A4:A27,1)","v":"2018-09-12"},{"$f":"MAX(B4:B27)","v":2},null,"<=== Linked to Summary Tab."]
[]
["Date","Rev","Notes","Init"]
["2016-04-16",0.1,"Initial Draft - working copy","JZ"]
["2016-11-15",0.5,"Beta release for review","JZ"]
["2017-04-27",0.52,"Configuration matrix updated","ODR"]
["2017-06-08",0.55000000000000004,"System tabs updated","HS"]
["2017-06-12",0.7,"Thermal tabs \"Normal Config\" and \"Fan Fail Config\" updated","HS"]
["2017-06-15","0.71","Fixed input voltaje scroll down menu","HS"]
["2017-07-14",1,"Fixed format in Thermal tabs - Added new CPU's","HS"]
["2017-08-10",1.1000000000000001,"Set missing default values and hide tabs","MB"]
["2018-09-12",2,"Include FTP features, update with Q2 APList, fix 2U fan quantity in Chassis tab","MB"]